{"id":2836,"date":"2023-12-27T14:17:28","date_gmt":"2023-12-27T13:17:28","guid":{"rendered":"https:\/\/cavalcadadereis.cat\/svh\/?page_id=2836"},"modified":"2024-01-03T21:22:19","modified_gmt":"2024-01-03T20:22:19","slug":"vestimenta-125-anys","status":"publish","type":"page","link":"https:\/\/cavalcadadereis.cat\/svh\/historia\/vestimenta-125-anys\/","title":{"rendered":"Una vestimenta molt especial"},"content":{"rendered":"<p>[et_pb_section fb_built=&#8221;1&#8243; _builder_version=&#8221;4.16&#8243; background_color=&#8221;#E3933F&#8221; custom_padding=&#8221;0px||0px|||&#8221; transparent_background=&#8221;on&#8221; global_colors_info=&#8221;{}&#8221;][et_pb_row _builder_version=&#8221;4.16&#8243; background_color=&#8221;#FBC159&#8243; background_size=&#8221;initial&#8221; background_position=&#8221;top_left&#8221; background_repeat=&#8221;repeat&#8221; width=&#8221;94.3%&#8221; border_color_all=&#8221;#E6E6E6&#8243; border_width_right=&#8221;12px&#8221; border_width_left=&#8221;12px&#8221; global_colors_info=&#8221;{}&#8221;][et_pb_column type=&#8221;4_4&#8243; _builder_version=&#8221;4.16&#8243; custom_padding=&#8221;|||&#8221; global_colors_info=&#8221;{}&#8221; custom_padding__hover=&#8221;|||&#8221;][et_pb_post_title meta=&#8221;off&#8221; featured_image=&#8221;off&#8221; _builder_version=&#8221;4.23.3&#8243; title_font=&#8221;Merienda|700|||||||&#8221; title_text_color=&#8221;#FFFFFF&#8221; title_font_size=&#8221;28px&#8221; title_letter_spacing=&#8221;1px&#8221; background_color=&#8221;#2B2568&#8243; parallax=&#8221;on&#8221; parallax_method=&#8221;off&#8221; width=&#8221;44%&#8221; module_alignment=&#8221;left&#8221; custom_padding=&#8221;9px||4px|20px|false|false&#8221; hover_enabled=&#8221;0&#8243; border_color_bottom=&#8221;#FBC159&#8243; parallax_effect=&#8221;on&#8221; use_border_color=&#8221;off&#8221; border_color=&#8221;#ffffff&#8221; border_style=&#8221;solid&#8221; global_colors_info=&#8221;{}&#8221; width_last_edited=&#8221;on|phone&#8221; width_phone=&#8221;100%&#8221; sticky_enabled=&#8221;0&#8243; width_tablet=&#8221;44%&#8221;][\/et_pb_post_title][et_pb_text _builder_version=&#8221;4.23&#8243; _module_preset=&#8221;default&#8221; text_text_color=&#8221;#242424&#8243; header_4_font=&#8221;Merienda|700|||||||&#8221; header_4_text_color=&#8221;#2B2568&#8243; header_4_font_size=&#8221;19px&#8221; text_orientation=&#8221;justified&#8221; width=&#8221;94%&#8221; module_alignment=&#8221;center&#8221; global_colors_info=&#8221;{}&#8221; width_phone=&#8221;90%&#8221; width_last_edited=&#8221;on|phone&#8221; width_tablet=&#8221;94%&#8221;]<\/p>\n<div>\n<p dir=\"auto\"><span>La senzillesa de l\u2019abillament en els primers anys de\u00a0<span class=\"il\">cavalcada<\/span> va anar evolucionant. <strong>El 1970 els Reis van estrenar nous vestits gr\u00e0cies <span class=\"il\">al<\/span>\u00a0President del Centre Jordi Planas i Roig,\u00a0<span class=\"il\">el<\/span>\u00a0sastre Josep\u00a0<\/strong><\/span><strong>Si\u00f1ol i les cosidores Montserrat Tuset i Roseta Comamala<\/strong><span><strong>, entre altres<\/strong>. A mesura que les carrosses es van fer grans,\u00a0<span class=\"il\">el<\/span>\u00a0seguici va cr\u00e9ixer. D\u2019aquests anys s\u00f3n els vestits del seguici d\u2019estil morisc, de fantasia\u00a0<span class=\"il\">amb<\/span>\u00a0m\u00e0nigues amples de color verd, i\u00a0<span class=\"il\">amb<\/span>\u00a0cintur\u00f3 i gorra vermell. Algun dels quals ha estat distintiu del seguici fins a la\u00a0<span class=\"il\">cavalcada<\/span> de 2020. <strong>El 1984<\/strong><\/span><strong>, Ses Majestats ens van visitar abillats\u00a0<span class=\"il\">amb<\/span>\u00a0uns sorprenents vestits i capes d\u2019estil majestu\u00f3s i d\u2019aire medieval que van comptar\u00a0<span class=\"il\">amb<\/span>\u00a0la participaci\u00f3 especial de Montserrat\u00a0Juncadella\u00a0i\u00a0l\u2019<wbr \/>Alberta, ajudades per altres dones cosidores.<\/strong><\/p>\n<p dir=\"auto\">\n<\/div>\n<div>\n<div class=\"adm\">\n<div id=\"q_48\" class=\"ajR h4\" data-tooltip=\"Amaga el contingut ampliat\" aria-label=\"Amaga el contingut ampliat\" aria-expanded=\"true\"><\/div>\n<\/div>\n<\/div>\n<p dir=\"auto\">[\/et_pb_text][et_pb_image src=&#8221;https:\/\/cavalcadadereis.cat\/svh\/wp-content\/uploads\/2023\/12\/1985_107-scaled-e1703786903689.jpg&#8221; title_text=&#8221;310, 1994 copy&#8221; align=&#8221;center&#8221; _builder_version=&#8221;4.23.3&#8243; _module_preset=&#8221;default&#8221; width=&#8221;75%&#8221; module_alignment=&#8221;center&#8221; custom_margin=&#8221;||||false|false&#8221; custom_padding=&#8221;||||false|false&#8221; hover_enabled=&#8221;0&#8243; global_colors_info=&#8221;{}&#8221; width_last_edited=&#8221;on|phone&#8221; width_phone=&#8221;100%&#8221; sticky_enabled=&#8221;0&#8243; width_tablet=&#8221;75%&#8221;][\/et_pb_image][et_pb_text _builder_version=&#8221;4.23&#8243; _module_preset=&#8221;default&#8221; text_text_color=&#8221;#242424&#8243; header_4_font=&#8221;Merienda|700|||||||&#8221; header_4_text_color=&#8221;#2B2568&#8243; header_4_font_size=&#8221;19px&#8221; text_orientation=&#8221;justified&#8221; width=&#8221;94%&#8221; module_alignment=&#8221;center&#8221; locked=&#8221;off&#8221; global_colors_info=&#8221;{}&#8221; width_phone=&#8221;90%&#8221; width_last_edited=&#8221;on|phone&#8221; width_tablet=&#8221;94%&#8221;]<\/p>\n<p dir=\"auto\"><span><strong>Despr\u00e9s de 37 anys, el 2022 Ses Majestats van voler celebrar aquesta fita hist\u00f2rica estrenant uns nous vestits<\/strong>.\u00a0<span class=\"il\">El<\/span> nou vestuari, encarregat a la dissenyadora Anna Ros, vol ser reflex de la saviesa i <span class=\"il\">el<\/span>\u00a0coneixement a trav\u00e9s de l\u2019espiritualitat, la divinitat,\u00a0<span class=\"il\">el<\/span>\u00a0poder i la pot\u00e8ncia d\u2019esperit dels tres Reis Mags i s\u2019allunya de la representaci\u00f3 del poder material.<\/span><\/p>\n<p dir=\"auto\"><span><strong>Els nous vestits ens transporten als or\u00edgens dels tres mags savis\u00a0que van unir els seus camins seguint l\u2019estel d\u2019orient<\/strong> i que de llavors en\u00e7\u00e0 porten cada 5 de gener il\u00b7lusi\u00f3 als nens d\u2019arreu: Melcior, d\u2019Europa; Gaspar, d\u2019\u00c0sia i Baltasar, d\u2019\u00c0frica. A m\u00e9s, els colors dels seus vestits ens permeten identificar-los i transmeten qualitats com la m\u00e0gia, l\u2019eleg\u00e0ncia,\u00a0<span class=\"il\">el<\/span>\u00a0poder, la saviesa i\u00a0<span class=\"il\">el<\/span>\u00a0coneixement.<\/span><\/p>\n<p>[\/et_pb_text][\/et_pb_column][\/et_pb_row][et_pb_row column_structure=&#8221;1_4,3_4&#8243; use_custom_gutter=&#8221;on&#8221; gutter_width=&#8221;1&#8243; _builder_version=&#8221;4.23&#8243; background_color=&#8221;#FBC159&#8243; background_size=&#8221;initial&#8221; background_position=&#8221;top_left&#8221; background_repeat=&#8221;repeat&#8221; width=&#8221;94.3%&#8221; custom_padding=&#8221;0px|||||&#8221; border_color_all=&#8221;#E6E6E6&#8243; border_width_right=&#8221;12px&#8221; border_width_left=&#8221;12px&#8221; global_colors_info=&#8221;{}&#8221;][et_pb_column type=&#8221;1_4&#8243; _builder_version=&#8221;4.16&#8243; custom_padding=&#8221;|||&#8221; global_colors_info=&#8221;{}&#8221; custom_padding__hover=&#8221;|||&#8221;][et_pb_image src=&#8221;https:\/\/cavalcadadereis.cat\/svh\/wp-content\/uploads\/2023\/12\/Vestimenta-Melcior.png&#8221; show_in_lightbox=&#8221;on&#8221; align=&#8221;right&#8221; admin_label=&#8221;Vestimenta Melcior&#8221; _builder_version=&#8221;4.23.3&#8243; _module_preset=&#8221;default&#8221; width=&#8221;75%&#8221; custom_padding=&#8221;|||20px|false|false&#8221; hover_enabled=&#8221;0&#8243; global_colors_info=&#8221;{}&#8221; width_last_edited=&#8221;on|phone&#8221; width_phone=&#8221;100%&#8221; sticky_enabled=&#8221;0&#8243; width_tablet=&#8221;75%&#8221;][\/et_pb_image][\/et_pb_column][et_pb_column type=&#8221;3_4&#8243; _builder_version=&#8221;4.16&#8243; custom_padding=&#8221;|||&#8221; global_colors_info=&#8221;{}&#8221; custom_padding__hover=&#8221;|||&#8221;][et_pb_text _builder_version=&#8221;4.23.3&#8243; _module_preset=&#8221;default&#8221; text_text_color=&#8221;#242424&#8243; header_4_font=&#8221;Merienda|700|||||||&#8221; header_4_text_color=&#8221;#2B2568&#8243; header_4_font_size=&#8221;19px&#8221; text_orientation=&#8221;justified&#8221; width=&#8221;85%&#8221; module_alignment=&#8221;left&#8221; custom_padding=&#8221;|||20px|false|false&#8221; hover_enabled=&#8221;0&#8243; locked=&#8221;off&#8221; global_colors_info=&#8221;{}&#8221; width_last_edited=&#8221;on|phone&#8221; width_phone=&#8221;90%&#8221; sticky_enabled=&#8221;0&#8243; width_tablet=&#8221;85%&#8221;]<\/p>\n<p dir=\"auto\"><span><strong>Rei Melcior, l\u2019europeu:<\/strong>\u00a0inspirat en\u00a0<span class=\"il\">el<\/span>\u00a0mag de fantasia per antonom\u00e0sia,\u00a0<span class=\"il\">el<\/span>\u00a0Mag\u00a0<\/span><span>Merl\u00ed<\/span><span>\u00a0que tots els nens i nenes coneixen i en\u00a0<span class=\"il\">el<\/span>\u00a0m\u00f3n m\u00e0gic dels \u00e9ssers fant\u00e0stics com els elfs\u00a0<span class=\"il\">amb<\/span>\u00a0olor de bosc. Els colors del\u00a0<span class=\"il\">seu<\/span>\u00a0vestit s\u00f3n\u00a0<span class=\"il\">el<\/span>\u00a0vermell (energia, vida, emoci\u00f3, passi\u00f3, foc, amor div\u00ed, generositat, la sang de Crist),\u00a0<span class=\"il\">el<\/span>\u00a0blanc (llum,\u00a0<span class=\"il\">el<\/span>\u00a0b\u00e9, la veritat, la puresa, la perfecci\u00f3, la saviesa, la neu, l\u2019hivern), i\u00a0<span class=\"il\">el<\/span>\u00a0daurat (or, prosperitat, riquesa, sol, llum solar).<\/span><span><\/span><\/p>\n<p>[\/et_pb_text][\/et_pb_column][\/et_pb_row][et_pb_row column_structure=&#8221;1_4,3_4&#8243; use_custom_gutter=&#8221;on&#8221; gutter_width=&#8221;1&#8243; _builder_version=&#8221;4.23&#8243; background_color=&#8221;#FBC159&#8243; background_size=&#8221;initial&#8221; background_position=&#8221;top_left&#8221; background_repeat=&#8221;repeat&#8221; width=&#8221;94.3%&#8221; custom_padding=&#8221;0px|||||&#8221; border_color_all=&#8221;#E6E6E6&#8243; border_width_right=&#8221;12px&#8221; border_width_left=&#8221;12px&#8221; global_colors_info=&#8221;{}&#8221;][et_pb_column type=&#8221;1_4&#8243; _builder_version=&#8221;4.16&#8243; custom_padding=&#8221;|||&#8221; global_colors_info=&#8221;{}&#8221; custom_padding__hover=&#8221;|||&#8221;][et_pb_image src=&#8221;https:\/\/cavalcadadereis.cat\/svh\/wp-content\/uploads\/2023\/12\/Vestimenta-Gaspar.png&#8221; show_in_lightbox=&#8221;on&#8221; align=&#8221;right&#8221; admin_label=&#8221;Vestimenta Melcior&#8221; _builder_version=&#8221;4.23.3&#8243; _module_preset=&#8221;default&#8221; width=&#8221;75%&#8221; custom_padding=&#8221;|||20px|false|false&#8221; hover_enabled=&#8221;0&#8243; global_colors_info=&#8221;{}&#8221; width_last_edited=&#8221;on|phone&#8221; width_phone=&#8221;100%&#8221; sticky_enabled=&#8221;0&#8243; width_tablet=&#8221;75%&#8221;][\/et_pb_image][\/et_pb_column][et_pb_column type=&#8221;3_4&#8243; _builder_version=&#8221;4.16&#8243; custom_padding=&#8221;|||&#8221; global_colors_info=&#8221;{}&#8221; custom_padding__hover=&#8221;|||&#8221;][et_pb_text _builder_version=&#8221;4.23.3&#8243; _module_preset=&#8221;default&#8221; text_text_color=&#8221;#242424&#8243; header_4_font=&#8221;Merienda|700|||||||&#8221; header_4_text_color=&#8221;#2B2568&#8243; header_4_font_size=&#8221;19px&#8221; text_orientation=&#8221;justified&#8221; width=&#8221;85%&#8221; module_alignment=&#8221;left&#8221; custom_padding=&#8221;|||20px|false|false&#8221; hover_enabled=&#8221;0&#8243; locked=&#8221;off&#8221; global_colors_info=&#8221;{}&#8221; width_last_edited=&#8221;on|phone&#8221; width_phone=&#8221;90%&#8221; sticky_enabled=&#8221;0&#8243; width_tablet=&#8221;85%&#8221;]<\/p>\n<p dir=\"auto\"><span><strong>Rei Gaspar, l\u2019asi\u00e0tic:<\/strong> recorda als\u00a0<\/span><span>Onmy\u00f3jis<\/span><span>, antics bruixots i endevinadors japonesos considerats com a grans coneixedors de l\u2019astronomia, la naturalesa i les religions, donant-li\u00a0<span class=\"il\">una<\/span>\u00a0imatge propera als samurais, als ainus i als emperadors.<\/span><\/p>\n<p dir=\"auto\"><span><span class=\"il\">Al<\/span>\u00a0Rei Gaspar l\u2019identifiquem\u00a0<span class=\"il\">amb<\/span>\u00a0la gamma de blaus (estabilitat, profunditat, l\u2019ordre del sagrat, la immortalitat i\u00a0<span class=\"il\">el<\/span>\u00a0poder, la tranquil\u00b7litat, la protecci\u00f3, la salut, l\u2019enteniment, la generositat),\u00a0<span class=\"il\">el<\/span>\u00a0blanc i l\u2019argent (conductor de calor, mal\u00b7leable, lluna, femen\u00ed, conductivitat, pau, harmonia, expressi\u00f3 de la consci\u00e8ncia, aigua, puresa, franquesa i rectitud).<\/span><\/p>\n<p>[\/et_pb_text][\/et_pb_column][\/et_pb_row][et_pb_row column_structure=&#8221;1_4,3_4&#8243; use_custom_gutter=&#8221;on&#8221; gutter_width=&#8221;1&#8243; _builder_version=&#8221;4.23&#8243; background_color=&#8221;#FBC159&#8243; background_size=&#8221;initial&#8221; background_position=&#8221;top_left&#8221; background_repeat=&#8221;repeat&#8221; width=&#8221;94.3%&#8221; custom_padding=&#8221;0px|||||&#8221; border_color_all=&#8221;#E6E6E6&#8243; border_width_right=&#8221;12px&#8221; border_width_left=&#8221;12px&#8221; global_colors_info=&#8221;{}&#8221;][et_pb_column type=&#8221;1_4&#8243; _builder_version=&#8221;4.16&#8243; custom_padding=&#8221;|||&#8221; global_colors_info=&#8221;{}&#8221; custom_padding__hover=&#8221;|||&#8221;][et_pb_image src=&#8221;https:\/\/cavalcadadereis.cat\/svh\/wp-content\/uploads\/2023\/12\/Vestimenta-Baltasar.png&#8221; show_in_lightbox=&#8221;on&#8221; align=&#8221;right&#8221; admin_label=&#8221;Vestimenta Melcior&#8221; _builder_version=&#8221;4.23.3&#8243; _module_preset=&#8221;default&#8221; width=&#8221;75%&#8221; custom_padding=&#8221;|||20px|false|false&#8221; hover_enabled=&#8221;0&#8243; global_colors_info=&#8221;{}&#8221; width_last_edited=&#8221;on|phone&#8221; width_phone=&#8221;100%&#8221; sticky_enabled=&#8221;0&#8243; width_tablet=&#8221;75%&#8221;][\/et_pb_image][\/et_pb_column][et_pb_column type=&#8221;3_4&#8243; _builder_version=&#8221;4.16&#8243; custom_padding=&#8221;|||&#8221; global_colors_info=&#8221;{}&#8221; custom_padding__hover=&#8221;|||&#8221;][et_pb_text _builder_version=&#8221;4.23.3&#8243; _module_preset=&#8221;default&#8221; text_text_color=&#8221;#242424&#8243; header_4_font=&#8221;Merienda|700|||||||&#8221; header_4_text_color=&#8221;#2B2568&#8243; header_4_font_size=&#8221;19px&#8221; text_orientation=&#8221;justified&#8221; width=&#8221;85%&#8221; module_alignment=&#8221;left&#8221; custom_padding=&#8221;|||20px|false|false&#8221; hover_enabled=&#8221;0&#8243; locked=&#8221;off&#8221; global_colors_info=&#8221;{}&#8221; width_last_edited=&#8221;on|phone&#8221; width_phone=&#8221;90%&#8221; sticky_enabled=&#8221;0&#8243; width_tablet=&#8221;85%&#8221;]<\/p>\n<p dir=\"auto\"><span><strong>Rei Baltasar, l\u2019afric\u00e0:<\/strong> reflex del ric m\u00f3n de la cultura de les tribus africanes i els seus xamans, buscant\u00a0<span class=\"il\">una<\/span>\u00a0imatge que represent\u00e9s\u00a0<span class=\"il\">el<\/span>\u00a0continent\u00a0<span class=\"il\">amb<\/span>\u00a0un sol cop de vista.<\/span><\/p>\n<p dir=\"auto\"><span>A la seva vestimenta hi dominen gammes de colors alegres, vius com\u00a0<span class=\"il\">el<\/span>\u00a0<\/span><span>groe<\/span><span>\u00a0(or),\u00a0<span class=\"il\">el<\/span>\u00a0verd (natura, esperan\u00e7a, curaci\u00f3, salut, joventut, fertilitat, vida) i\u00a0<span class=\"il\">el<\/span>\u00a0carabassa evocant les postes de sol africanes.<\/span><\/p>\n<p>[\/et_pb_text][\/et_pb_column][\/et_pb_row][et_pb_row _builder_version=&#8221;4.18.0&#8243; background_color=&#8221;#FBC159&#8243; background_size=&#8221;initial&#8221; background_position=&#8221;top_left&#8221; background_repeat=&#8221;repeat&#8221; width=&#8221;94.3%&#8221; border_color_all=&#8221;#E6E6E6&#8243; border_width_right=&#8221;12px&#8221; border_width_bottom=&#8221;12px&#8221; border_width_left=&#8221;12px&#8221; global_colors_info=&#8221;{}&#8221;][et_pb_column type=&#8221;4_4&#8243; _builder_version=&#8221;4.16&#8243; custom_padding=&#8221;|||&#8221; global_colors_info=&#8221;{}&#8221; custom_padding__hover=&#8221;|||&#8221;][\/et_pb_column][\/et_pb_row][\/et_pb_section]<\/p>\n","protected":false},"excerpt":{"rendered":"<p>La senzillesa de l\u2019abillament en els primers anys de\u00a0cavalcada va anar evolucionant. El 1970 els Reis van estrenar nous vestits gr\u00e0cies al\u00a0President del Centre Jordi Planas i Roig,\u00a0el\u00a0sastre Josep\u00a0Si\u00f1ol i les cosidores Montserrat Tuset i Roseta Comamala, entre altres. A mesura que les carrosses es van fer grans,\u00a0el\u00a0seguici va cr\u00e9ixer. D\u2019aquests anys s\u00f3n els vestits [&hellip;]<\/p>\n","protected":false},"author":2,"featured_media":0,"parent":2273,"menu_order":6,"comment_status":"closed","ping_status":"closed","template":"","meta":{"_et_pb_use_builder":"on","_et_pb_old_content":"","_et_gb_content_width":"","footnotes":""},"folder":[26],"class_list":["post-2836","page","type-page","status-publish","hentry"],"yoast_head":"<!-- This site is optimized with the Yoast SEO plugin v26.6 - https:\/\/yoast.com\/wordpress\/plugins\/seo\/ -->\n<title>Una vestimenta molt especial - Cavalcada de Reis SVH<\/title>\n<meta name=\"robots\" content=\"index, follow, max-snippet:-1, max-image-preview:large, max-video-preview:-1\" \/>\n<link rel=\"canonical\" href=\"https:\/\/cavalcadadereis.cat\/svh\/historia\/vestimenta-125-anys\/\" \/>\n<meta property=\"og:locale\" content=\"ca_ES\" \/>\n<meta property=\"og:type\" content=\"article\" \/>\n<meta property=\"og:title\" content=\"Una vestimenta molt especial - Cavalcada de Reis SVH\" \/>\n<meta property=\"og:description\" content=\"La senzillesa de l\u2019abillament en els primers anys de\u00a0cavalcada va anar evolucionant. El 1970 els Reis van estrenar nous vestits gr\u00e0cies al\u00a0President del Centre Jordi Planas i Roig,\u00a0el\u00a0sastre Josep\u00a0Si\u00f1ol i les cosidores Montserrat Tuset i Roseta Comamala, entre altres. A mesura que les carrosses es van fer grans,\u00a0el\u00a0seguici va cr\u00e9ixer. D\u2019aquests anys s\u00f3n els vestits [&hellip;]\" \/>\n<meta property=\"og:url\" content=\"https:\/\/cavalcadadereis.cat\/svh\/historia\/vestimenta-125-anys\/\" \/>\n<meta property=\"og:site_name\" content=\"Cavalcada de Reis SVH\" \/>\n<meta property=\"article:modified_time\" content=\"2024-01-03T20:22:19+00:00\" \/>\n<meta name=\"twitter:card\" content=\"summary_large_image\" \/>\n<script type=\"application\/ld+json\" class=\"yoast-schema-graph\">{\"@context\":\"https:\/\/schema.org\",\"@graph\":[{\"@type\":\"WebPage\",\"@id\":\"https:\/\/cavalcadadereis.cat\/svh\/historia\/vestimenta-125-anys\/\",\"url\":\"https:\/\/cavalcadadereis.cat\/svh\/historia\/vestimenta-125-anys\/\",\"name\":\"Una vestimenta molt especial - Cavalcada de Reis SVH\",\"isPartOf\":{\"@id\":\"https:\/\/cavalcadadereis.cat\/svh\/#website\"},\"datePublished\":\"2023-12-27T13:17:28+00:00\",\"dateModified\":\"2024-01-03T20:22:19+00:00\",\"breadcrumb\":{\"@id\":\"https:\/\/cavalcadadereis.cat\/svh\/historia\/vestimenta-125-anys\/#breadcrumb\"},\"inLanguage\":\"ca\",\"potentialAction\":[{\"@type\":\"ReadAction\",\"target\":[\"https:\/\/cavalcadadereis.cat\/svh\/historia\/vestimenta-125-anys\/\"]}]},{\"@type\":\"BreadcrumbList\",\"@id\":\"https:\/\/cavalcadadereis.cat\/svh\/historia\/vestimenta-125-anys\/#breadcrumb\",\"itemListElement\":[{\"@type\":\"ListItem\",\"position\":1,\"name\":\"Inici\",\"item\":\"https:\/\/cavalcadadereis.cat\/svh\/\"},{\"@type\":\"ListItem\",\"position\":2,\"name\":\"Hist\u00f2ria\",\"item\":\"https:\/\/cavalcadadereis.cat\/svh\/historia\/\"},{\"@type\":\"ListItem\",\"position\":3,\"name\":\"Una vestimenta molt especial\"}]},{\"@type\":\"WebSite\",\"@id\":\"https:\/\/cavalcadadereis.cat\/svh\/#website\",\"url\":\"https:\/\/cavalcadadereis.cat\/svh\/\",\"name\":\"Cavalcada de Reis SVH\",\"description\":\"\",\"potentialAction\":[{\"@type\":\"SearchAction\",\"target\":{\"@type\":\"EntryPoint\",\"urlTemplate\":\"https:\/\/cavalcadadereis.cat\/svh\/?s={search_term_string}\"},\"query-input\":{\"@type\":\"PropertyValueSpecification\",\"valueRequired\":true,\"valueName\":\"search_term_string\"}}],\"inLanguage\":\"ca\"}]}<\/script>\n<!-- \/ Yoast SEO plugin. -->","yoast_head_json":{"title":"Una vestimenta molt especial - Cavalcada de Reis SVH","robots":{"index":"index","follow":"follow","max-snippet":"max-snippet:-1","max-image-preview":"max-image-preview:large","max-video-preview":"max-video-preview:-1"},"canonical":"https:\/\/cavalcadadereis.cat\/svh\/historia\/vestimenta-125-anys\/","og_locale":"ca_ES","og_type":"article","og_title":"Una vestimenta molt especial - Cavalcada de Reis SVH","og_description":"La senzillesa de l\u2019abillament en els primers anys de\u00a0cavalcada va anar evolucionant. El 1970 els Reis van estrenar nous vestits gr\u00e0cies al\u00a0President del Centre Jordi Planas i Roig,\u00a0el\u00a0sastre Josep\u00a0Si\u00f1ol i les cosidores Montserrat Tuset i Roseta Comamala, entre altres. A mesura que les carrosses es van fer grans,\u00a0el\u00a0seguici va cr\u00e9ixer. D\u2019aquests anys s\u00f3n els vestits [&hellip;]","og_url":"https:\/\/cavalcadadereis.cat\/svh\/historia\/vestimenta-125-anys\/","og_site_name":"Cavalcada de Reis SVH","article_modified_time":"2024-01-03T20:22:19+00:00","twitter_card":"summary_large_image","schema":{"@context":"https:\/\/schema.org","@graph":[{"@type":"WebPage","@id":"https:\/\/cavalcadadereis.cat\/svh\/historia\/vestimenta-125-anys\/","url":"https:\/\/cavalcadadereis.cat\/svh\/historia\/vestimenta-125-anys\/","name":"Una vestimenta molt especial - Cavalcada de Reis SVH","isPartOf":{"@id":"https:\/\/cavalcadadereis.cat\/svh\/#website"},"datePublished":"2023-12-27T13:17:28+00:00","dateModified":"2024-01-03T20:22:19+00:00","breadcrumb":{"@id":"https:\/\/cavalcadadereis.cat\/svh\/historia\/vestimenta-125-anys\/#breadcrumb"},"inLanguage":"ca","potentialAction":[{"@type":"ReadAction","target":["https:\/\/cavalcadadereis.cat\/svh\/historia\/vestimenta-125-anys\/"]}]},{"@type":"BreadcrumbList","@id":"https:\/\/cavalcadadereis.cat\/svh\/historia\/vestimenta-125-anys\/#breadcrumb","itemListElement":[{"@type":"ListItem","position":1,"name":"Inici","item":"https:\/\/cavalcadadereis.cat\/svh\/"},{"@type":"ListItem","position":2,"name":"Hist\u00f2ria","item":"https:\/\/cavalcadadereis.cat\/svh\/historia\/"},{"@type":"ListItem","position":3,"name":"Una vestimenta molt especial"}]},{"@type":"WebSite","@id":"https:\/\/cavalcadadereis.cat\/svh\/#website","url":"https:\/\/cavalcadadereis.cat\/svh\/","name":"Cavalcada de Reis SVH","description":"","potentialAction":[{"@type":"SearchAction","target":{"@type":"EntryPoint","urlTemplate":"https:\/\/cavalcadadereis.cat\/svh\/?s={search_term_string}"},"query-input":{"@type":"PropertyValueSpecification","valueRequired":true,"valueName":"search_term_string"}}],"inLanguage":"ca"}]}},"_links":{"self":[{"href":"https:\/\/cavalcadadereis.cat\/svh\/wp-json\/wp\/v2\/pages\/2836","targetHints":{"allow":["GET"]}}],"collection":[{"href":"https:\/\/cavalcadadereis.cat\/svh\/wp-json\/wp\/v2\/pages"}],"about":[{"href":"https:\/\/cavalcadadereis.cat\/svh\/wp-json\/wp\/v2\/types\/page"}],"author":[{"embeddable":true,"href":"https:\/\/cavalcadadereis.cat\/svh\/wp-json\/wp\/v2\/users\/2"}],"replies":[{"embeddable":true,"href":"https:\/\/cavalcadadereis.cat\/svh\/wp-json\/wp\/v2\/comments?post=2836"}],"version-history":[{"count":11,"href":"https:\/\/cavalcadadereis.cat\/svh\/wp-json\/wp\/v2\/pages\/2836\/revisions"}],"predecessor-version":[{"id":3115,"href":"https:\/\/cavalcadadereis.cat\/svh\/wp-json\/wp\/v2\/pages\/2836\/revisions\/3115"}],"up":[{"embeddable":true,"href":"https:\/\/cavalcadadereis.cat\/svh\/wp-json\/wp\/v2\/pages\/2273"}],"wp:attachment":[{"href":"https:\/\/cavalcadadereis.cat\/svh\/wp-json\/wp\/v2\/media?parent=2836"}],"wp:term":[{"taxonomy":"folder","embeddable":true,"href":"https:\/\/cavalcadadereis.cat\/svh\/wp-json\/wp\/v2\/folder?post=2836"}],"curies":[{"name":"wp","href":"https:\/\/api.w.org\/{rel}","templated":true}]}}