{"id":2769,"date":"2023-12-01T19:20:12","date_gmt":"2023-12-01T18:20:12","guid":{"rendered":"https:\/\/cavalcadadereis.cat\/svh\/?page_id=2769"},"modified":"2024-01-03T21:12:59","modified_gmt":"2024-01-03T20:12:59","slug":"primera-cavalcada-catalunya","status":"publish","type":"page","link":"https:\/\/cavalcadadereis.cat\/svh\/historia\/primera-cavalcada-catalunya\/","title":{"rendered":"Una cavalcada pionera a Catalunya"},"content":{"rendered":"<p>[et_pb_section fb_built=&#8221;1&#8243; _builder_version=&#8221;4.16&#8243; background_color=&#8221;#E3933F&#8221; custom_padding=&#8221;0px||0px|||&#8221; transparent_background=&#8221;on&#8221; global_colors_info=&#8221;{}&#8221;][et_pb_row _builder_version=&#8221;4.16&#8243; background_color=&#8221;#FBC159&#8243; background_size=&#8221;initial&#8221; background_position=&#8221;top_left&#8221; background_repeat=&#8221;repeat&#8221; width=&#8221;94.3%&#8221; border_color_all=&#8221;#E6E6E6&#8243; border_width_right=&#8221;12px&#8221; border_width_left=&#8221;12px&#8221; global_colors_info=&#8221;{}&#8221;][et_pb_column type=&#8221;4_4&#8243; _builder_version=&#8221;4.16&#8243; custom_padding=&#8221;|||&#8221; global_colors_info=&#8221;{}&#8221; custom_padding__hover=&#8221;|||&#8221;][et_pb_post_title meta=&#8221;off&#8221; featured_image=&#8221;off&#8221; _builder_version=&#8221;4.23.3&#8243; title_font=&#8221;Merienda|700|||||||&#8221; title_text_color=&#8221;#FFFFFF&#8221; title_font_size=&#8221;28px&#8221; title_letter_spacing=&#8221;1px&#8221; background_color=&#8221;#2B2568&#8243; parallax=&#8221;on&#8221; parallax_method=&#8221;off&#8221; width=&#8221;52%&#8221; module_alignment=&#8221;left&#8221; custom_padding=&#8221;9px||4px|20px|false|false&#8221; hover_enabled=&#8221;0&#8243; border_color_bottom=&#8221;#FBC159&#8243; parallax_effect=&#8221;on&#8221; use_border_color=&#8221;off&#8221; border_color=&#8221;#ffffff&#8221; border_style=&#8221;solid&#8221; global_colors_info=&#8221;{}&#8221; width_last_edited=&#8221;on|phone&#8221; sticky_enabled=&#8221;0&#8243; width_phone=&#8221;100%&#8221; width_tablet=&#8221;52%&#8221;][\/et_pb_post_title][et_pb_text _builder_version=&#8221;4.23.3&#8243; _module_preset=&#8221;default&#8221; text_text_color=&#8221;#242424&#8243; header_4_font=&#8221;Merienda|700|||||||&#8221; header_4_text_color=&#8221;#2B2568&#8243; header_4_font_size=&#8221;19px&#8221; text_orientation=&#8221;justified&#8221; width=&#8221;94%&#8221; module_alignment=&#8221;center&#8221; hover_enabled=&#8221;0&#8243; global_colors_info=&#8221;{}&#8221; width_last_edited=&#8221;on|phone&#8221; sticky_enabled=&#8221;0&#8243; width_phone=&#8221;90%&#8221; width_tablet=&#8221;94%&#8221;]<\/p>\n<p dir=\"auto\"><span>La <span class=\"il\">Cavalcada<\/span> de Reis de Sant Vicen\u00e7 suma m\u00e9s de 125 anys d\u2019hist\u00f2ria. \u00c9s <span class=\"il\">una<\/span>\u00a0de les primeres cavalcades del pa\u00eds i de l\u2019Estat Espanyol: la primera a celebrar\u00a0<span class=\"il\">una<\/span>\u00a0<span class=\"il\">cavalcada<\/span> va ser la ciutat d\u2019Alcoi (1880), seguida d\u2019Igualada (1895). <strong>I el 1896\u00a0es va celebrar la primera\u00a0<span class=\"il\">cavalcada<\/span>\u00a0a Sant Vicen\u00e7 dels Horts<\/strong><\/span><span><strong>\u00a0organitzada pel Centre Cat\u00f2lic<\/strong>, dirigida pel\u00a0<span class=\"il\">seu<\/span>\u00a0president fundador Isidre Prats<\/span><span>. E<\/span><span>s repartien els regals dalt de carros,\u00a0<\/span><span>acompanyats\u00a0<span class=\"il\">amb<\/span>\u00a0<\/span><span>blandons<\/span><span>\u00a0per fer llum\u00a0<\/span><span>i\u00a0<span class=\"il\">amb<\/span>\u00a0forques de batre es pujaven els paquets a les finestres i balcons de les cases.<\/span><span>\u00a0<\/span><\/p>\n<p dir=\"auto\"><span>Les cavalcades dels primers anys s\u2019organitzaven algunes vegades des de la junta del <strong>Centre Cat\u00f2lic<\/strong> i d\u2019altres per un grup de persones que des de <strong>Cal\u00a0<\/strong><\/span><strong>Recader<\/strong><span>\u00a0feien\u00a0<span class=\"il\">el<\/span> repartiment de joguines i la desfilada del poble. Un any tamb\u00e9 es va organitzar des de l\u2019<strong>Ateneu Familiar<\/strong>.\u00a0<\/span><span style=\"font-size: 15px;\">\u00a0<\/span><\/p>\n<p dir=\"auto\"><strong>Entre les primeres cavalcades, destaca la de 1913 en qu\u00e8 Ses Majestats anaven sobre d\u2019<span class=\"il\">una<\/span>\u00a0jardinera i\u00a0<span class=\"il\">una<\/span>\u00a0conductora del Sr.\u00a0Comamala<\/strong><span>\u00a0i fins i tot hi van actuar uns pallassos. <strong>A partir de l\u2019any 1925 les cavalcades es feien\u00a0<span class=\"il\">amb<\/span>\u00a0cavalls\u00a0<\/strong><\/span><strong>que proporcionava Francesc i Ventura Boada, de cal\u00a0Butlleri<\/strong><span>. Les polaines eren decorades\u00a0<span class=\"il\">amb<\/span> purpurina mentre que d\u2019altres col\u00b7laboradors enllestien les capes reials. Cada rei muntava a cavall del mateix color que els seus cabells.<\/span><span style=\"font-size: 15px;\">\u00a0<\/span><\/p>\n<p dir=\"auto\"><span>Alguns dels pocs textos\u00a0<\/span><span>escrits<\/span><span>\u00a0sobre les primeres cavalcades<\/span><span>, com la revista \u2018MES\u2019 de l\u2019any 1960 d\u2019Enric Aymeric<\/span><span>h,\u00a0<\/span><span>les actes del Centre Cat\u00f2lic,\u00a0<\/span><span><span class=\"il\">el<\/span>\u00a0l<\/span><span>libre<\/span><span>\u00a0\u201cHist\u00f2ria del centre\u201d, editat\u00a0<span class=\"il\">amb<\/span>\u00a0motiu dels 100 anys del Centre Cat\u00f2lic; a<\/span><span>ix\u00ed com la mem\u00f2ria\u00a0<\/span><span>oral recolli<\/span><span>da<\/span><span>\u00a0per\u00a0<span class=\"il\">al<\/span>\u00a0llibre \u2018Hist\u00f2ries centen\u00e0ries\u2019\u00a0<\/span><span>i \u2018L\u2019Abans\u2019\u00a0<\/span><span>s\u00f3n testimonis de\u00a0<\/span><span>les primeres cavalcades a Sant Vicen\u00e7.<\/span><\/p>\n<p dir=\"auto\">[\/et_pb_text][et_pb_image src=&#8221;https:\/\/cavalcadadereis.cat\/svh\/wp-content\/uploads\/2023\/12\/1934-scaled.jpg&#8221; align=&#8221;center&#8221; _builder_version=&#8221;4.23&#8243; _module_preset=&#8221;default&#8221; width=&#8221;88%&#8221; module_alignment=&#8221;center&#8221; custom_margin=&#8221;||||false|false&#8221; custom_padding=&#8221;||||false|false&#8221; global_colors_info=&#8221;{}&#8221;][\/et_pb_image][et_pb_text _builder_version=&#8221;4.23.3&#8243; _module_preset=&#8221;default&#8221; text_text_color=&#8221;#242424&#8243; header_4_font=&#8221;Merienda|700|||||||&#8221; header_4_text_color=&#8221;#2B2568&#8243; header_4_font_size=&#8221;19px&#8221; text_orientation=&#8221;justified&#8221; width=&#8221;94%&#8221; module_alignment=&#8221;center&#8221; locked=&#8221;off&#8221; global_colors_info=&#8221;{}&#8221; width_phone=&#8221;90%&#8221; width_last_edited=&#8221;on|phone&#8221; hover_enabled=&#8221;0&#8243; sticky_enabled=&#8221;0&#8243; width_tablet=&#8221;94%&#8221;]<\/p>\n<p dir=\"auto\"><span>A la d\u00e8cada dels anys quaranta, l\u2019aspecte decoratiu pren un protagonisme desconegut. Per guarnir els carros\u00a0<\/span><span><span class=\"il\">el<\/span>\u00a0diumenge abans s\u2019anava\u00a0<span class=\"il\">al<\/span>\u00a0bosc a buscar mata o verd per fer garlandes<\/span><span>. Aleshores, Joaquim Boada ja era\u00a0<\/span><span>qui<\/span><span>\u00a0proporcionava els cavalls. Els plomalls dels cavalls eren xass\u00eds de ferro\u00a0<span class=\"il\">amb<\/span>\u00a0<span class=\"il\">una<\/span>\u00a0plataforma de suro i recoberts de plomes de gall.\u00a0<\/span><strong>Els Reis anaven a cavall, portat pel patge, seguits de camions i carros guarnits.\u00a0Algunes vegades seguits d\u2019un carro\u00a0<span class=\"il\">amb<\/span>\u00a0m\u00fasics.<\/strong><\/p>\n<p dir=\"auto\"><span><strong>Els patges recorren\u00a0<span class=\"il\">el<\/span>\u00a0trajecte fent llum\u00a0<span class=\"il\">amb<\/span>\u00a0brandons.<\/strong> La primera parada de la cercavila reial era l\u2019esgl\u00e9sia de Sant Vicen\u00e7 M\u00e0rtir on\u00a0<span class=\"il\">el<\/span>\u00a0rector atenia la visita i es responsabilitzava de rebre un regal per\u00a0<span class=\"il\">al<\/span>\u00a0Nen Jes\u00fas<\/span><span>, durant molts anys un bra\u00e7 de gitano<\/span><span>. Als anys 40 l\u2019itinerari s\u2019iniciava despr\u00e9s pel carrer de Barcelona fins\u00a0<span class=\"il\">al<\/span>\u00a0carrer del Doctor Rober. Es recorria\u00a0<span class=\"il\">el<\/span>\u00a0carrer de Moss\u00e8n Jacint Verdaguer i es baixava pel raval del Centre. La<\/span><span>\u00a0passejada continuava cap a la pla\u00e7a de la Vila i pel carrer de la Pobla es tancava la\u00a0<span class=\"il\">cavalcada<\/span>\u00a0<span class=\"il\">al<\/span>\u00a0punt de sortida. Als anys 20 se seguia\u00a0<span class=\"il\">el<\/span>\u00a0mateix itinerari a la inversa.\u00a0<\/span><\/p>\n<p dir=\"auto\"><span>Als anys 60 en alguna ocasi\u00f3 havia arribat a la Col\u00f2nia G\u00fcell Santa Coloma i Torrelles.\u00a0<\/span><\/p>\n<p dir=\"auto\"><span><strong>El 1964 destaca la participaci\u00f3 de dos sergents afroamericans durant la <span class=\"il\">cavalcada<\/span> provinents de la base militar de Saragossa: Chester Simon i Orlando Watson.\u00a0Tot i que no ser\u00e0 fins e<span class=\"il\">l<\/span>\u00a01974 que s\u2019abandona\u00a0<span class=\"il\">el<\/span>\u00a0betum definitivament<\/strong><strong>.<\/strong>\u00a0<\/span><\/p>\n<p>[\/et_pb_text][\/et_pb_column][\/et_pb_row][et_pb_row column_structure=&#8221;1_3,1_3,1_3&#8243; use_custom_gutter=&#8221;on&#8221; gutter_width=&#8221;1&#8243; _builder_version=&#8221;4.16&#8243; background_color=&#8221;#FBC159&#8243; background_size=&#8221;initial&#8221; background_position=&#8221;top_left&#8221; background_repeat=&#8221;repeat&#8221; width=&#8221;94.3%&#8221; border_color_all=&#8221;#E6E6E6&#8243; border_width_right=&#8221;12px&#8221; border_width_left=&#8221;12px&#8221; global_colors_info=&#8221;{}&#8221;][et_pb_column type=&#8221;1_3&#8243; _builder_version=&#8221;4.16&#8243; custom_padding=&#8221;|||&#8221; global_colors_info=&#8221;{}&#8221; custom_padding__hover=&#8221;|||&#8221;][et_pb_image src=&#8221;https:\/\/cavalcadadereis.cat\/svh\/wp-content\/uploads\/2023\/12\/1955_002-retocada.png&#8221; show_in_lightbox=&#8221;on&#8221; _builder_version=&#8221;4.23&#8243; _module_preset=&#8221;default&#8221; width=&#8221;95%&#8221; module_alignment=&#8221;center&#8221; global_colors_info=&#8221;{}&#8221;][\/et_pb_image][et_pb_text admin_label=&#8221;Any 1955&#8243; _builder_version=&#8221;4.23&#8243; _module_preset=&#8221;default&#8221; text_font=&#8221;|600|||||||&#8221; text_text_color=&#8221;#242424&#8243; width=&#8221;93%&#8221; module_alignment=&#8221;center&#8221; custom_padding=&#8221;10px|||10px|false|false&#8221; global_colors_info=&#8221;{}&#8221;]<\/p>\n<p>Any 1955<\/p>\n<p>[\/et_pb_text][\/et_pb_column][et_pb_column type=&#8221;1_3&#8243; _builder_version=&#8221;4.16&#8243; custom_padding=&#8221;|||&#8221; global_colors_info=&#8221;{}&#8221; custom_padding__hover=&#8221;|||&#8221;][et_pb_image src=&#8221;https:\/\/cavalcadadereis.cat\/svh\/wp-content\/uploads\/2023\/12\/1959_Rei-blanc-scaled-e1702496648795.jpg&#8221; show_in_lightbox=&#8221;on&#8221; _builder_version=&#8221;4.23&#8243; _module_preset=&#8221;default&#8221; width=&#8221;95%&#8221; module_alignment=&#8221;center&#8221; global_colors_info=&#8221;{}&#8221;][\/et_pb_image][et_pb_text _builder_version=&#8221;4.23&#8243; _module_preset=&#8221;default&#8221; text_font=&#8221;|600|||||||&#8221; text_text_color=&#8221;#242424&#8243; width=&#8221;93%&#8221; module_alignment=&#8221;center&#8221; custom_padding=&#8221;10px|||10px|false|false&#8221; global_colors_info=&#8221;{}&#8221;]<\/p>\n<p>Any 1959<\/p>\n<p>[\/et_pb_text][\/et_pb_column][et_pb_column type=&#8221;1_3&#8243; _builder_version=&#8221;4.16&#8243; custom_padding=&#8221;|||&#8221; global_colors_info=&#8221;{}&#8221; custom_padding__hover=&#8221;|||&#8221;][et_pb_image src=&#8221;https:\/\/cavalcadadereis.cat\/svh\/wp-content\/uploads\/2023\/12\/1959_Rei-ros-scaled-e1702496728273.jpg&#8221; show_in_lightbox=&#8221;on&#8221; _builder_version=&#8221;4.23&#8243; _module_preset=&#8221;default&#8221; width=&#8221;95%&#8221; module_alignment=&#8221;center&#8221; global_colors_info=&#8221;{}&#8221;][\/et_pb_image][et_pb_text _builder_version=&#8221;4.23&#8243; _module_preset=&#8221;default&#8221; text_font=&#8221;|600|||||||&#8221; text_text_color=&#8221;#242424&#8243; width=&#8221;93%&#8221; module_alignment=&#8221;center&#8221; custom_padding=&#8221;10px|||10px|false|false&#8221; global_colors_info=&#8221;{}&#8221;]<\/p>\n<p>Any 1959<\/p>\n<p>[\/et_pb_text][\/et_pb_column][\/et_pb_row][et_pb_row column_structure=&#8221;1_3,1_3,1_3&#8243; use_custom_gutter=&#8221;on&#8221; gutter_width=&#8221;1&#8243; _builder_version=&#8221;4.16&#8243; background_color=&#8221;#FBC159&#8243; background_size=&#8221;initial&#8221; background_position=&#8221;top_left&#8221; background_repeat=&#8221;repeat&#8221; width=&#8221;94.3%&#8221; border_color_all=&#8221;#E6E6E6&#8243; border_width_right=&#8221;12px&#8221; border_width_left=&#8221;12px&#8221; global_colors_info=&#8221;{}&#8221;][et_pb_column type=&#8221;1_3&#8243; _builder_version=&#8221;4.16&#8243; custom_padding=&#8221;|||&#8221; global_colors_info=&#8221;{}&#8221; custom_padding__hover=&#8221;|||&#8221;][et_pb_image src=&#8221;https:\/\/cavalcadadereis.cat\/svh\/wp-content\/uploads\/2023\/12\/1963_Esperant-als-infants-scaled-e1702496788303.jpg&#8221; show_in_lightbox=&#8221;on&#8221; _builder_version=&#8221;4.23&#8243; _module_preset=&#8221;default&#8221; width=&#8221;95%&#8221; module_alignment=&#8221;center&#8221; global_colors_info=&#8221;{}&#8221;][\/et_pb_image][et_pb_text admin_label=&#8221;Any 1955&#8243; _builder_version=&#8221;4.23&#8243; _module_preset=&#8221;default&#8221; text_font=&#8221;|600|||||||&#8221; text_text_color=&#8221;#242424&#8243; width=&#8221;93%&#8221; module_alignment=&#8221;center&#8221; custom_padding=&#8221;10px|||10px|false|false&#8221; global_colors_info=&#8221;{}&#8221;]<\/p>\n<p>Any 1963<\/p>\n<p>[\/et_pb_text][\/et_pb_column][et_pb_column type=&#8221;1_3&#8243; _builder_version=&#8221;4.16&#8243; custom_padding=&#8221;|||&#8221; global_colors_info=&#8221;{}&#8221; custom_padding__hover=&#8221;|||&#8221;][et_pb_image src=&#8221;https:\/\/cavalcadadereis.cat\/svh\/wp-content\/uploads\/2023\/12\/1964_Sargents-afroamericans-scaled-e1702496962164.jpg&#8221; show_in_lightbox=&#8221;on&#8221; _builder_version=&#8221;4.23&#8243; _module_preset=&#8221;default&#8221; width=&#8221;95%&#8221; module_alignment=&#8221;center&#8221; global_colors_info=&#8221;{}&#8221;][\/et_pb_image][et_pb_text _builder_version=&#8221;4.23&#8243; _module_preset=&#8221;default&#8221; text_font=&#8221;|600|||||||&#8221; text_text_color=&#8221;#242424&#8243; width=&#8221;93%&#8221; module_alignment=&#8221;center&#8221; custom_padding=&#8221;10px|||10px|false|false&#8221; global_colors_info=&#8221;{}&#8221;]<\/p>\n<p>Any 1964<\/p>\n<p>[\/et_pb_text][\/et_pb_column][et_pb_column type=&#8221;1_3&#8243; _builder_version=&#8221;4.16&#8243; custom_padding=&#8221;|||&#8221; global_colors_info=&#8221;{}&#8221; custom_padding__hover=&#8221;|||&#8221;][et_pb_image src=&#8221;https:\/\/cavalcadadereis.cat\/svh\/wp-content\/uploads\/2023\/12\/1970_Reis-i-patges-scaled-e1702497104438.jpg&#8221; show_in_lightbox=&#8221;on&#8221; _builder_version=&#8221;4.23&#8243; _module_preset=&#8221;default&#8221; width=&#8221;95%&#8221; module_alignment=&#8221;center&#8221; global_colors_info=&#8221;{}&#8221;][\/et_pb_image][et_pb_text _builder_version=&#8221;4.23&#8243; _module_preset=&#8221;default&#8221; text_font=&#8221;|600|||||||&#8221; text_text_color=&#8221;#242424&#8243; width=&#8221;93%&#8221; module_alignment=&#8221;center&#8221; custom_padding=&#8221;10px|||10px|false|false&#8221; global_colors_info=&#8221;{}&#8221;]<\/p>\n<p>Any 1970<\/p>\n<p>[\/et_pb_text][\/et_pb_column][\/et_pb_row][et_pb_row _builder_version=&#8221;4.18.0&#8243; background_color=&#8221;#FBC159&#8243; background_size=&#8221;initial&#8221; background_position=&#8221;top_left&#8221; background_repeat=&#8221;repeat&#8221; width=&#8221;94.3%&#8221; border_color_all=&#8221;#E6E6E6&#8243; border_width_right=&#8221;12px&#8221; border_width_bottom=&#8221;12px&#8221; border_width_left=&#8221;12px&#8221; global_colors_info=&#8221;{}&#8221;][et_pb_column type=&#8221;4_4&#8243; _builder_version=&#8221;4.16&#8243; custom_padding=&#8221;|||&#8221; global_colors_info=&#8221;{}&#8221; custom_padding__hover=&#8221;|||&#8221;][\/et_pb_column][\/et_pb_row][\/et_pb_section]<\/p>\n","protected":false},"excerpt":{"rendered":"<p>La Cavalcada de Reis de Sant Vicen\u00e7 suma m\u00e9s de 125 anys d\u2019hist\u00f2ria. \u00c9s una\u00a0de les primeres cavalcades del pa\u00eds i de l\u2019Estat Espanyol: la primera a celebrar\u00a0una\u00a0cavalcada va ser la ciutat d\u2019Alcoi (1880), seguida d\u2019Igualada (1895). I el 1896\u00a0es va celebrar la primera\u00a0cavalcada\u00a0a Sant Vicen\u00e7 dels Horts\u00a0organitzada pel Centre Cat\u00f2lic, dirigida pel\u00a0seu\u00a0president fundador Isidre [&hellip;]<\/p>\n","protected":false},"author":2,"featured_media":0,"parent":2273,"menu_order":2,"comment_status":"closed","ping_status":"closed","template":"","meta":{"_et_pb_use_builder":"on","_et_pb_old_content":"","_et_gb_content_width":"","footnotes":""},"folder":[26],"class_list":["post-2769","page","type-page","status-publish","hentry"],"yoast_head":"<!-- This site is optimized with the Yoast SEO plugin v26.6 - https:\/\/yoast.com\/wordpress\/plugins\/seo\/ -->\n<title>Una cavalcada pionera a Catalunya - Cavalcada de Reis SVH<\/title>\n<meta name=\"robots\" content=\"index, follow, max-snippet:-1, max-image-preview:large, max-video-preview:-1\" \/>\n<link rel=\"canonical\" href=\"https:\/\/cavalcadadereis.cat\/svh\/historia\/primera-cavalcada-catalunya\/\" \/>\n<meta property=\"og:locale\" content=\"ca_ES\" \/>\n<meta property=\"og:type\" content=\"article\" \/>\n<meta property=\"og:title\" content=\"Una cavalcada pionera a Catalunya - Cavalcada de Reis SVH\" \/>\n<meta property=\"og:description\" content=\"La Cavalcada de Reis de Sant Vicen\u00e7 suma m\u00e9s de 125 anys d\u2019hist\u00f2ria. \u00c9s una\u00a0de les primeres cavalcades del pa\u00eds i de l\u2019Estat Espanyol: la primera a celebrar\u00a0una\u00a0cavalcada va ser la ciutat d\u2019Alcoi (1880), seguida d\u2019Igualada (1895). I el 1896\u00a0es va celebrar la primera\u00a0cavalcada\u00a0a Sant Vicen\u00e7 dels Horts\u00a0organitzada pel Centre Cat\u00f2lic, dirigida pel\u00a0seu\u00a0president fundador Isidre [&hellip;]\" \/>\n<meta property=\"og:url\" content=\"https:\/\/cavalcadadereis.cat\/svh\/historia\/primera-cavalcada-catalunya\/\" \/>\n<meta property=\"og:site_name\" content=\"Cavalcada de Reis SVH\" \/>\n<meta property=\"article:modified_time\" content=\"2024-01-03T20:12:59+00:00\" \/>\n<meta name=\"twitter:card\" content=\"summary_large_image\" \/>\n<meta name=\"twitter:label1\" content=\"Temps estimat de lectura\" \/>\n\t<meta name=\"twitter:data1\" content=\"4 minuts\" \/>\n<script type=\"application\/ld+json\" class=\"yoast-schema-graph\">{\"@context\":\"https:\/\/schema.org\",\"@graph\":[{\"@type\":\"WebPage\",\"@id\":\"https:\/\/cavalcadadereis.cat\/svh\/historia\/primera-cavalcada-catalunya\/\",\"url\":\"https:\/\/cavalcadadereis.cat\/svh\/historia\/primera-cavalcada-catalunya\/\",\"name\":\"Una cavalcada pionera a Catalunya - Cavalcada de Reis SVH\",\"isPartOf\":{\"@id\":\"https:\/\/cavalcadadereis.cat\/svh\/#website\"},\"datePublished\":\"2023-12-01T18:20:12+00:00\",\"dateModified\":\"2024-01-03T20:12:59+00:00\",\"breadcrumb\":{\"@id\":\"https:\/\/cavalcadadereis.cat\/svh\/historia\/primera-cavalcada-catalunya\/#breadcrumb\"},\"inLanguage\":\"ca\",\"potentialAction\":[{\"@type\":\"ReadAction\",\"target\":[\"https:\/\/cavalcadadereis.cat\/svh\/historia\/primera-cavalcada-catalunya\/\"]}]},{\"@type\":\"BreadcrumbList\",\"@id\":\"https:\/\/cavalcadadereis.cat\/svh\/historia\/primera-cavalcada-catalunya\/#breadcrumb\",\"itemListElement\":[{\"@type\":\"ListItem\",\"position\":1,\"name\":\"Inici\",\"item\":\"https:\/\/cavalcadadereis.cat\/svh\/\"},{\"@type\":\"ListItem\",\"position\":2,\"name\":\"Hist\u00f2ria\",\"item\":\"https:\/\/cavalcadadereis.cat\/svh\/historia\/\"},{\"@type\":\"ListItem\",\"position\":3,\"name\":\"Una cavalcada pionera a Catalunya\"}]},{\"@type\":\"WebSite\",\"@id\":\"https:\/\/cavalcadadereis.cat\/svh\/#website\",\"url\":\"https:\/\/cavalcadadereis.cat\/svh\/\",\"name\":\"Cavalcada de Reis SVH\",\"description\":\"\",\"potentialAction\":[{\"@type\":\"SearchAction\",\"target\":{\"@type\":\"EntryPoint\",\"urlTemplate\":\"https:\/\/cavalcadadereis.cat\/svh\/?s={search_term_string}\"},\"query-input\":{\"@type\":\"PropertyValueSpecification\",\"valueRequired\":true,\"valueName\":\"search_term_string\"}}],\"inLanguage\":\"ca\"}]}<\/script>\n<!-- \/ Yoast SEO plugin. -->","yoast_head_json":{"title":"Una cavalcada pionera a Catalunya - Cavalcada de Reis SVH","robots":{"index":"index","follow":"follow","max-snippet":"max-snippet:-1","max-image-preview":"max-image-preview:large","max-video-preview":"max-video-preview:-1"},"canonical":"https:\/\/cavalcadadereis.cat\/svh\/historia\/primera-cavalcada-catalunya\/","og_locale":"ca_ES","og_type":"article","og_title":"Una cavalcada pionera a Catalunya - Cavalcada de Reis SVH","og_description":"La Cavalcada de Reis de Sant Vicen\u00e7 suma m\u00e9s de 125 anys d\u2019hist\u00f2ria. \u00c9s una\u00a0de les primeres cavalcades del pa\u00eds i de l\u2019Estat Espanyol: la primera a celebrar\u00a0una\u00a0cavalcada va ser la ciutat d\u2019Alcoi (1880), seguida d\u2019Igualada (1895). I el 1896\u00a0es va celebrar la primera\u00a0cavalcada\u00a0a Sant Vicen\u00e7 dels Horts\u00a0organitzada pel Centre Cat\u00f2lic, dirigida pel\u00a0seu\u00a0president fundador Isidre [&hellip;]","og_url":"https:\/\/cavalcadadereis.cat\/svh\/historia\/primera-cavalcada-catalunya\/","og_site_name":"Cavalcada de Reis SVH","article_modified_time":"2024-01-03T20:12:59+00:00","twitter_card":"summary_large_image","twitter_misc":{"Temps estimat de lectura":"4 minuts"},"schema":{"@context":"https:\/\/schema.org","@graph":[{"@type":"WebPage","@id":"https:\/\/cavalcadadereis.cat\/svh\/historia\/primera-cavalcada-catalunya\/","url":"https:\/\/cavalcadadereis.cat\/svh\/historia\/primera-cavalcada-catalunya\/","name":"Una cavalcada pionera a Catalunya - Cavalcada de Reis SVH","isPartOf":{"@id":"https:\/\/cavalcadadereis.cat\/svh\/#website"},"datePublished":"2023-12-01T18:20:12+00:00","dateModified":"2024-01-03T20:12:59+00:00","breadcrumb":{"@id":"https:\/\/cavalcadadereis.cat\/svh\/historia\/primera-cavalcada-catalunya\/#breadcrumb"},"inLanguage":"ca","potentialAction":[{"@type":"ReadAction","target":["https:\/\/cavalcadadereis.cat\/svh\/historia\/primera-cavalcada-catalunya\/"]}]},{"@type":"BreadcrumbList","@id":"https:\/\/cavalcadadereis.cat\/svh\/historia\/primera-cavalcada-catalunya\/#breadcrumb","itemListElement":[{"@type":"ListItem","position":1,"name":"Inici","item":"https:\/\/cavalcadadereis.cat\/svh\/"},{"@type":"ListItem","position":2,"name":"Hist\u00f2ria","item":"https:\/\/cavalcadadereis.cat\/svh\/historia\/"},{"@type":"ListItem","position":3,"name":"Una cavalcada pionera a Catalunya"}]},{"@type":"WebSite","@id":"https:\/\/cavalcadadereis.cat\/svh\/#website","url":"https:\/\/cavalcadadereis.cat\/svh\/","name":"Cavalcada de Reis SVH","description":"","potentialAction":[{"@type":"SearchAction","target":{"@type":"EntryPoint","urlTemplate":"https:\/\/cavalcadadereis.cat\/svh\/?s={search_term_string}"},"query-input":{"@type":"PropertyValueSpecification","valueRequired":true,"valueName":"search_term_string"}}],"inLanguage":"ca"}]}},"_links":{"self":[{"href":"https:\/\/cavalcadadereis.cat\/svh\/wp-json\/wp\/v2\/pages\/2769","targetHints":{"allow":["GET"]}}],"collection":[{"href":"https:\/\/cavalcadadereis.cat\/svh\/wp-json\/wp\/v2\/pages"}],"about":[{"href":"https:\/\/cavalcadadereis.cat\/svh\/wp-json\/wp\/v2\/types\/page"}],"author":[{"embeddable":true,"href":"https:\/\/cavalcadadereis.cat\/svh\/wp-json\/wp\/v2\/users\/2"}],"replies":[{"embeddable":true,"href":"https:\/\/cavalcadadereis.cat\/svh\/wp-json\/wp\/v2\/comments?post=2769"}],"version-history":[{"count":14,"href":"https:\/\/cavalcadadereis.cat\/svh\/wp-json\/wp\/v2\/pages\/2769\/revisions"}],"predecessor-version":[{"id":3110,"href":"https:\/\/cavalcadadereis.cat\/svh\/wp-json\/wp\/v2\/pages\/2769\/revisions\/3110"}],"up":[{"embeddable":true,"href":"https:\/\/cavalcadadereis.cat\/svh\/wp-json\/wp\/v2\/pages\/2273"}],"wp:attachment":[{"href":"https:\/\/cavalcadadereis.cat\/svh\/wp-json\/wp\/v2\/media?parent=2769"}],"wp:term":[{"taxonomy":"folder","embeddable":true,"href":"https:\/\/cavalcadadereis.cat\/svh\/wp-json\/wp\/v2\/folder?post=2769"}],"curies":[{"name":"wp","href":"https:\/\/api.w.org\/{rel}","templated":true}]}}