{"id":2645,"date":"2022-02-05T15:36:05","date_gmt":"2022-02-05T14:36:05","guid":{"rendered":"http:\/\/cavalcadadereis.cat\/svh\/?page_id=2645"},"modified":"2024-01-03T21:11:19","modified_gmt":"2024-01-03T20:11:19","slug":"breu-historia","status":"publish","type":"page","link":"https:\/\/cavalcadadereis.cat\/svh\/historia\/breu-historia\/","title":{"rendered":"Breu hist\u00f2ria"},"content":{"rendered":"<p>[et_pb_section fb_built=&#8221;1&#8243; _builder_version=&#8221;4.16&#8243; background_color=&#8221;#E3933F&#8221; custom_padding=&#8221;0px||0px|||&#8221; transparent_background=&#8221;on&#8221; global_colors_info=&#8221;{}&#8221;][et_pb_row _builder_version=&#8221;4.16&#8243; background_color=&#8221;#FBC159&#8243; background_size=&#8221;initial&#8221; background_position=&#8221;top_left&#8221; background_repeat=&#8221;repeat&#8221; width=&#8221;94.3%&#8221; border_color_all=&#8221;#E6E6E6&#8243; border_width_right=&#8221;12px&#8221; border_width_left=&#8221;12px&#8221; global_colors_info=&#8221;{}&#8221;][et_pb_column type=&#8221;4_4&#8243; _builder_version=&#8221;4.16&#8243; custom_padding=&#8221;|||&#8221; global_colors_info=&#8221;{}&#8221; custom_padding__hover=&#8221;|||&#8221;][et_pb_post_title meta=&#8221;off&#8221; featured_image=&#8221;off&#8221; _builder_version=&#8221;4.23.3&#8243; title_font=&#8221;Merienda|700|||||||&#8221; title_text_color=&#8221;#FFFFFF&#8221; title_font_size=&#8221;28px&#8221; title_letter_spacing=&#8221;1px&#8221; background_color=&#8221;#2B2568&#8243; parallax=&#8221;on&#8221; parallax_method=&#8221;off&#8221; width=&#8221;20%&#8221; module_alignment=&#8221;left&#8221; custom_padding=&#8221;9px||4px|20px|false|false&#8221; hover_enabled=&#8221;0&#8243; border_color_bottom=&#8221;#FBC159&#8243; parallax_effect=&#8221;on&#8221; use_border_color=&#8221;off&#8221; border_color=&#8221;#ffffff&#8221; border_style=&#8221;solid&#8221; global_colors_info=&#8221;{}&#8221; width_last_edited=&#8221;on|phone&#8221; sticky_enabled=&#8221;0&#8243; width_phone=&#8221;100%&#8221; width_tablet=&#8221;20%&#8221;][\/et_pb_post_title][et_pb_text _builder_version=&#8221;4.23.3&#8243; _module_preset=&#8221;default&#8221; text_text_color=&#8221;#242424&#8243; header_4_font=&#8221;Merienda|700|||||||&#8221; header_4_text_color=&#8221;#2B2568&#8243; header_4_font_size=&#8221;19px&#8221; text_orientation=&#8221;justified&#8221; width=&#8221;94%&#8221; module_alignment=&#8221;center&#8221; hover_enabled=&#8221;0&#8243; global_colors_info=&#8221;{}&#8221; width_last_edited=&#8221;on|phone&#8221; sticky_enabled=&#8221;0&#8243; width_phone=&#8221;90%&#8221; width_tablet=&#8221;94%&#8221;]<\/p>\n<p style=\"text-align: justify;\"><strong>La Cavalcada de Reis de Sant Vicen\u00e7 dels Horts es remunta a finals del segle XIX<\/strong>, quan l&#8217;any 1896 un grup de vicentins vinculats al Centre Cat\u00f2lic van posar en marxa una petita cavalcada que va rec\u00f3rrer el casc antic de la vila. La llavor d&#8217;aquesta primera cavalcada organitzada per ve\u00efns de Sant Vicen\u00e7 ha anat creixent fins a convertir-se en la gran cavalcada que \u00e9s ara.<\/p>\n<p style=\"text-align: justify;\">Al llarg d&#8217;aquests m\u00e9s de 126 anys hi ha una cosa que mai ha canviat: <strong>des dels seus inicis i encara ara la cavalcada de Sant Vicen\u00e7 \u00e9s una realitat gr\u00e0cies a la iniciativa i dedicaci\u00f3 de tots els voluntaris<\/strong> que treballen al llarg de l&#8217;any i especialment els mesos m\u00e9s propers a la nit de reis per preparar l&#8217;arribada dels Reis d&#8217;Orient i la cavalcada amb qu\u00e8 recorreran els carrers per saludar menuts i grans. Persones que de forma desinteressada participen en la confecci\u00f3 de carrosses, l&#8217;organitzaci\u00f3 del dia 5, el muntatge de l&#8217;escenari, la posada a punt dels personatges animats, els carmelers, el servei d&#8217;ordre durant la cavalcada&#8230; en definitiva, tot un gran engranatge que fa possible que amb l&#8217;ajuda de m\u00e9s d&#8217;un centenar de voluntaris cada any puguem gaudir de la nostra estimada cavalcada.<\/p>\n<p style=\"text-align: justify;\">En aquest web hi trobareu imatges valuos\u00edssimes, cedides de l&#8217;arxiu personal i familiar de vicentins i vicentines per a l&#8217;arxiu de la Cavalcada i en especial amb motiu de l&#8217;exposici\u00f3 &#8220;125 anys de la Cavalcada de Reis de Sant Vicen\u00e7 dels Horts&#8221; celebrada el 2022. Tot el nostre agra\u00efment per a aquelles que ens han cedit les seves imatges. Us recordem que si teniu fotografies o v\u00eddeos antics de la Cavalcada a Sant Vicen\u00e7, ens les podeu fer arribar per incorporar-les al nostre arxiu digital.<\/p>\n<p>[\/et_pb_text][\/et_pb_column][\/et_pb_row][et_pb_row _builder_version=&#8221;4.18.0&#8243; background_color=&#8221;#FBC159&#8243; background_size=&#8221;initial&#8221; background_position=&#8221;top_left&#8221; background_repeat=&#8221;repeat&#8221; width=&#8221;94.3%&#8221; custom_padding=&#8221;0px|||||&#8221; border_color_all=&#8221;#E6E6E6&#8243; border_width_right=&#8221;12px&#8221; border_width_bottom=&#8221;12px&#8221; border_width_left=&#8221;12px&#8221; global_colors_info=&#8221;{}&#8221;][et_pb_column type=&#8221;4_4&#8243; _builder_version=&#8221;4.16&#8243; custom_padding=&#8221;|||&#8221; global_colors_info=&#8221;{}&#8221; custom_padding__hover=&#8221;|||&#8221;][et_pb_image src=&#8221;https:\/\/cavalcadadereis.cat\/svh\/wp-content\/uploads\/2023\/12\/Eix-cronologic_1-01.png&#8221; align=&#8221;center&#8221; _builder_version=&#8221;4.23.3&#8243; _module_preset=&#8221;default&#8221; width=&#8221;75%&#8221; module_alignment=&#8221;center&#8221; custom_margin=&#8221;||||false|false&#8221; custom_padding=&#8221;||||false|false&#8221; hover_enabled=&#8221;0&#8243; global_colors_info=&#8221;{}&#8221; width_last_edited=&#8221;on|phone&#8221; sticky_enabled=&#8221;0&#8243; width_phone=&#8221;95%&#8221; width_tablet=&#8221;75%&#8221;][\/et_pb_image][\/et_pb_column][\/et_pb_row][\/et_pb_section]<\/p>\n","protected":false},"excerpt":{"rendered":"<p>La Cavalcada de Reis de Sant Vicen\u00e7 dels Horts es remunta a finals del segle XIX, quan l&#8217;any 1896 un grup de vicentins vinculats al Centre Cat\u00f2lic van posar en marxa una petita cavalcada que va rec\u00f3rrer el casc antic de la vila. La llavor d&#8217;aquesta primera cavalcada organitzada per ve\u00efns de Sant Vicen\u00e7 ha [&hellip;]<\/p>\n","protected":false},"author":1,"featured_media":0,"parent":2273,"menu_order":1,"comment_status":"closed","ping_status":"closed","template":"","meta":{"_et_pb_use_builder":"on","_et_pb_old_content":"","_et_gb_content_width":"","footnotes":""},"folder":[26],"class_list":["post-2645","page","type-page","status-publish","hentry"],"yoast_head":"<!-- This site is optimized with the Yoast SEO plugin v26.6 - https:\/\/yoast.com\/wordpress\/plugins\/seo\/ -->\n<title>Breu hist\u00f2ria - Cavalcada de Reis SVH<\/title>\n<meta name=\"robots\" content=\"index, follow, max-snippet:-1, max-image-preview:large, max-video-preview:-1\" \/>\n<link rel=\"canonical\" href=\"https:\/\/cavalcadadereis.cat\/svh\/historia\/breu-historia\/\" \/>\n<meta property=\"og:locale\" content=\"ca_ES\" \/>\n<meta property=\"og:type\" content=\"article\" \/>\n<meta property=\"og:title\" content=\"Breu hist\u00f2ria - Cavalcada de Reis SVH\" \/>\n<meta property=\"og:description\" content=\"La Cavalcada de Reis de Sant Vicen\u00e7 dels Horts es remunta a finals del segle XIX, quan l&#039;any 1896 un grup de vicentins vinculats al Centre Cat\u00f2lic van posar en marxa una petita cavalcada que va rec\u00f3rrer el casc antic de la vila. La llavor d&#039;aquesta primera cavalcada organitzada per ve\u00efns de Sant Vicen\u00e7 ha [&hellip;]\" \/>\n<meta property=\"og:url\" content=\"https:\/\/cavalcadadereis.cat\/svh\/historia\/breu-historia\/\" \/>\n<meta property=\"og:site_name\" content=\"Cavalcada de Reis SVH\" \/>\n<meta property=\"article:modified_time\" content=\"2024-01-03T20:11:19+00:00\" \/>\n<meta name=\"twitter:card\" content=\"summary_large_image\" \/>\n<meta name=\"twitter:label1\" content=\"Temps estimat de lectura\" \/>\n\t<meta name=\"twitter:data1\" content=\"3 minuts\" \/>\n<script type=\"application\/ld+json\" class=\"yoast-schema-graph\">{\"@context\":\"https:\/\/schema.org\",\"@graph\":[{\"@type\":\"WebPage\",\"@id\":\"https:\/\/cavalcadadereis.cat\/svh\/historia\/breu-historia\/\",\"url\":\"https:\/\/cavalcadadereis.cat\/svh\/historia\/breu-historia\/\",\"name\":\"Breu hist\u00f2ria - Cavalcada de Reis SVH\",\"isPartOf\":{\"@id\":\"https:\/\/cavalcadadereis.cat\/svh\/#website\"},\"datePublished\":\"2022-02-05T14:36:05+00:00\",\"dateModified\":\"2024-01-03T20:11:19+00:00\",\"breadcrumb\":{\"@id\":\"https:\/\/cavalcadadereis.cat\/svh\/historia\/breu-historia\/#breadcrumb\"},\"inLanguage\":\"ca\",\"potentialAction\":[{\"@type\":\"ReadAction\",\"target\":[\"https:\/\/cavalcadadereis.cat\/svh\/historia\/breu-historia\/\"]}]},{\"@type\":\"BreadcrumbList\",\"@id\":\"https:\/\/cavalcadadereis.cat\/svh\/historia\/breu-historia\/#breadcrumb\",\"itemListElement\":[{\"@type\":\"ListItem\",\"position\":1,\"name\":\"Inici\",\"item\":\"https:\/\/cavalcadadereis.cat\/svh\/\"},{\"@type\":\"ListItem\",\"position\":2,\"name\":\"Hist\u00f2ria\",\"item\":\"https:\/\/cavalcadadereis.cat\/svh\/historia\/\"},{\"@type\":\"ListItem\",\"position\":3,\"name\":\"Breu hist\u00f2ria\"}]},{\"@type\":\"WebSite\",\"@id\":\"https:\/\/cavalcadadereis.cat\/svh\/#website\",\"url\":\"https:\/\/cavalcadadereis.cat\/svh\/\",\"name\":\"Cavalcada de Reis SVH\",\"description\":\"\",\"potentialAction\":[{\"@type\":\"SearchAction\",\"target\":{\"@type\":\"EntryPoint\",\"urlTemplate\":\"https:\/\/cavalcadadereis.cat\/svh\/?s={search_term_string}\"},\"query-input\":{\"@type\":\"PropertyValueSpecification\",\"valueRequired\":true,\"valueName\":\"search_term_string\"}}],\"inLanguage\":\"ca\"}]}<\/script>\n<!-- \/ Yoast SEO plugin. -->","yoast_head_json":{"title":"Breu hist\u00f2ria - Cavalcada de Reis SVH","robots":{"index":"index","follow":"follow","max-snippet":"max-snippet:-1","max-image-preview":"max-image-preview:large","max-video-preview":"max-video-preview:-1"},"canonical":"https:\/\/cavalcadadereis.cat\/svh\/historia\/breu-historia\/","og_locale":"ca_ES","og_type":"article","og_title":"Breu hist\u00f2ria - Cavalcada de Reis SVH","og_description":"La Cavalcada de Reis de Sant Vicen\u00e7 dels Horts es remunta a finals del segle XIX, quan l'any 1896 un grup de vicentins vinculats al Centre Cat\u00f2lic van posar en marxa una petita cavalcada que va rec\u00f3rrer el casc antic de la vila. La llavor d'aquesta primera cavalcada organitzada per ve\u00efns de Sant Vicen\u00e7 ha [&hellip;]","og_url":"https:\/\/cavalcadadereis.cat\/svh\/historia\/breu-historia\/","og_site_name":"Cavalcada de Reis SVH","article_modified_time":"2024-01-03T20:11:19+00:00","twitter_card":"summary_large_image","twitter_misc":{"Temps estimat de lectura":"3 minuts"},"schema":{"@context":"https:\/\/schema.org","@graph":[{"@type":"WebPage","@id":"https:\/\/cavalcadadereis.cat\/svh\/historia\/breu-historia\/","url":"https:\/\/cavalcadadereis.cat\/svh\/historia\/breu-historia\/","name":"Breu hist\u00f2ria - Cavalcada de Reis SVH","isPartOf":{"@id":"https:\/\/cavalcadadereis.cat\/svh\/#website"},"datePublished":"2022-02-05T14:36:05+00:00","dateModified":"2024-01-03T20:11:19+00:00","breadcrumb":{"@id":"https:\/\/cavalcadadereis.cat\/svh\/historia\/breu-historia\/#breadcrumb"},"inLanguage":"ca","potentialAction":[{"@type":"ReadAction","target":["https:\/\/cavalcadadereis.cat\/svh\/historia\/breu-historia\/"]}]},{"@type":"BreadcrumbList","@id":"https:\/\/cavalcadadereis.cat\/svh\/historia\/breu-historia\/#breadcrumb","itemListElement":[{"@type":"ListItem","position":1,"name":"Inici","item":"https:\/\/cavalcadadereis.cat\/svh\/"},{"@type":"ListItem","position":2,"name":"Hist\u00f2ria","item":"https:\/\/cavalcadadereis.cat\/svh\/historia\/"},{"@type":"ListItem","position":3,"name":"Breu hist\u00f2ria"}]},{"@type":"WebSite","@id":"https:\/\/cavalcadadereis.cat\/svh\/#website","url":"https:\/\/cavalcadadereis.cat\/svh\/","name":"Cavalcada de Reis SVH","description":"","potentialAction":[{"@type":"SearchAction","target":{"@type":"EntryPoint","urlTemplate":"https:\/\/cavalcadadereis.cat\/svh\/?s={search_term_string}"},"query-input":{"@type":"PropertyValueSpecification","valueRequired":true,"valueName":"search_term_string"}}],"inLanguage":"ca"}]}},"_links":{"self":[{"href":"https:\/\/cavalcadadereis.cat\/svh\/wp-json\/wp\/v2\/pages\/2645","targetHints":{"allow":["GET"]}}],"collection":[{"href":"https:\/\/cavalcadadereis.cat\/svh\/wp-json\/wp\/v2\/pages"}],"about":[{"href":"https:\/\/cavalcadadereis.cat\/svh\/wp-json\/wp\/v2\/types\/page"}],"author":[{"embeddable":true,"href":"https:\/\/cavalcadadereis.cat\/svh\/wp-json\/wp\/v2\/users\/1"}],"replies":[{"embeddable":true,"href":"https:\/\/cavalcadadereis.cat\/svh\/wp-json\/wp\/v2\/comments?post=2645"}],"version-history":[{"count":15,"href":"https:\/\/cavalcadadereis.cat\/svh\/wp-json\/wp\/v2\/pages\/2645\/revisions"}],"predecessor-version":[{"id":3109,"href":"https:\/\/cavalcadadereis.cat\/svh\/wp-json\/wp\/v2\/pages\/2645\/revisions\/3109"}],"up":[{"embeddable":true,"href":"https:\/\/cavalcadadereis.cat\/svh\/wp-json\/wp\/v2\/pages\/2273"}],"wp:attachment":[{"href":"https:\/\/cavalcadadereis.cat\/svh\/wp-json\/wp\/v2\/media?parent=2645"}],"wp:term":[{"taxonomy":"folder","embeddable":true,"href":"https:\/\/cavalcadadereis.cat\/svh\/wp-json\/wp\/v2\/folder?post=2645"}],"curies":[{"name":"wp","href":"https:\/\/api.w.org\/{rel}","templated":true}]}}