{"id":2268,"date":"2022-01-28T23:18:16","date_gmt":"2022-01-28T22:18:16","guid":{"rendered":"http:\/\/cavalcadadereis.cat\/svh\/?page_id=2268"},"modified":"2025-12-27T12:28:22","modified_gmt":"2025-12-27T11:28:22","slug":"el-centenari","status":"publish","type":"page","link":"https:\/\/cavalcadadereis.cat\/svh\/historia\/el-centenari\/","title":{"rendered":"El Centenari"},"content":{"rendered":"<p>[et_pb_section fb_built=&#8221;1&#8243; _builder_version=&#8221;4.16&#8243; background_color=&#8221;#E3933F&#8221; custom_padding=&#8221;0px||0px|||&#8221; transparent_background=&#8221;on&#8221; global_colors_info=&#8221;{}&#8221;][et_pb_row _builder_version=&#8221;4.16&#8243; background_color=&#8221;#FBC159&#8243; background_size=&#8221;initial&#8221; background_position=&#8221;top_left&#8221; background_repeat=&#8221;repeat&#8221; width=&#8221;94.3%&#8221; border_color_all=&#8221;#E6E6E6&#8243; border_width_right=&#8221;12px&#8221; border_width_left=&#8221;12px&#8221; global_colors_info=&#8221;{}&#8221;][et_pb_column type=&#8221;4_4&#8243; _builder_version=&#8221;4.16&#8243; custom_padding=&#8221;|||&#8221; global_colors_info=&#8221;{}&#8221; custom_padding__hover=&#8221;|||&#8221;][et_pb_post_title meta=&#8221;off&#8221; featured_image=&#8221;off&#8221; _builder_version=&#8221;4.23.3&#8243; title_font=&#8221;Merienda|700|||||||&#8221; title_text_color=&#8221;#FFFFFF&#8221; title_font_size=&#8221;28px&#8221; title_letter_spacing=&#8221;1px&#8221; background_color=&#8221;#2B2568&#8243; parallax=&#8221;on&#8221; parallax_method=&#8221;off&#8221; width=&#8221;20%&#8221; width_tablet=&#8221;20%&#8221; width_phone=&#8221;100%&#8221; width_last_edited=&#8221;on|phone&#8221; module_alignment=&#8221;left&#8221; custom_padding=&#8221;9px||4px|20px|false|false&#8221; border_color_bottom=&#8221;#FBC159&#8243; parallax_effect=&#8221;on&#8221; use_border_color=&#8221;off&#8221; border_color=&#8221;#ffffff&#8221; border_style=&#8221;solid&#8221; global_colors_info=&#8221;{}&#8221;][\/et_pb_post_title][et_pb_text _builder_version=&#8221;4.16&#8243; _module_preset=&#8221;default&#8221; text_text_color=&#8221;#242424&#8243; header_4_font=&#8221;Merienda|700|||||||&#8221; header_4_text_color=&#8221;#2B2568&#8243; header_4_font_size=&#8221;19px&#8221; text_orientation=&#8221;justified&#8221; width=&#8221;94%&#8221; width_tablet=&#8221;94%&#8221; width_phone=&#8221;90%&#8221; width_last_edited=&#8221;on|phone&#8221; module_alignment=&#8221;center&#8221; global_colors_info=&#8221;{}&#8221;]<\/p>\n<h4>L&#8217;acte del Centenari<\/h4>\n<p style=\"text-align: justify;\">L\u2019any 1996 va fer cent anys de la primera Cavalcada de Reis a Sant Vicen\u00e7 dels Horts, per aix\u00f2 el dia 30 de novembre de 1996 es va celebrar un sopar commemoratiu. Gaireb\u00e9 tres-<wbr \/>centes persones es van reunir al voltant de la taula per celebrar el Centenari de la Cavalcada de Reis a Sant Vicen\u00e7.<\/p>\n<p style=\"text-align: justify;\">En aquest acte es van recordar els antics membres col\u00b7laboradors de la Cavalcada i es va fer un homenatge a en Joan Prats i Escala. A m\u00e9s, l\u2019alcalde Ricard Ruiz va atorgar la medalla d\u2019or de Sant Vicen\u00e7 a en Joaquim Sagrist\u00e0 com a membre m\u00e9s antic de la Comissi\u00f3.<\/p>\n<p style=\"text-align: justify;\">A m\u00e9s, es va fer una fotografia conjunta dels membres de l\u2019entitat<a href=\"https:\/\/web.archive.org\/web\/20170110034844\/http:\/\/cavalcadadereis.cat\/membres.html\" target=\"_blank\" rel=\"noopener noreferrer\">\u00a0<\/a>del I Centenari: Ramon Badosa, Vicen\u00e7 Ferr\u00e9s, Miquel Font, Francesc Gil, Manel Marqu\u00e9s, Josep Oll\u00e9, Jordi Planas, Narc\u00eds Prats, Joan Ravent\u00f3s, Francesc Reverter, Josep Roig, Xavi Romagosa, Joan Romagosa, Joan Ru\u00edz, Joaquim Sagrist\u00e0, Daniel S\u00e1nchez, Jordi Torras, Marc Valls i Joan Virgili.<\/p>\n<p>[\/et_pb_text][\/et_pb_column][\/et_pb_row][et_pb_row column_structure=&#8221;1_2,1_2&#8243; _builder_version=&#8221;4.16&#8243; background_color=&#8221;#FBC159&#8243; background_size=&#8221;initial&#8221; background_position=&#8221;top_left&#8221; background_repeat=&#8221;repeat&#8221; width=&#8221;94.3%&#8221; border_color_all=&#8221;#E6E6E6&#8243; border_width_right=&#8221;12px&#8221; border_width_left=&#8221;12px&#8221; global_colors_info=&#8221;{}&#8221;][et_pb_column type=&#8221;1_2&#8243; _builder_version=&#8221;4.16&#8243; custom_padding=&#8221;|||&#8221; global_colors_info=&#8221;{}&#8221; custom_padding__hover=&#8221;|||&#8221;][et_pb_image src=&#8221;https:\/\/cavalcadadereis.cat\/svh\/wp-content\/uploads\/2022\/01\/1996_378.jpg&#8221; show_in_lightbox=&#8221;on&#8221; align=&#8221;center&#8221; _builder_version=&#8221;4.18.0&#8243; _module_preset=&#8221;default&#8221; width=&#8221;88%&#8221; module_alignment=&#8221;center&#8221; custom_margin=&#8221;||||false|false&#8221; custom_padding=&#8221;||||false|false&#8221; global_colors_info=&#8221;{}&#8221;][\/et_pb_image][et_pb_text _builder_version=&#8221;4.16&#8243; _module_preset=&#8221;default&#8221; text_text_color=&#8221;#242424&#8243; text_font_size=&#8221;13px&#8221; width=&#8221;88%&#8221; module_alignment=&#8221;center&#8221; custom_margin=&#8221;-23px||||false|false&#8221; global_colors_info=&#8221;{}&#8221;]<\/p>\n<p><strong>1996.<\/strong> Comissi\u00f3 de la Cavalcada, Batlle i Regidora de Cultura. Sopar I Centenari<\/p>\n<p>[\/et_pb_text][\/et_pb_column][et_pb_column type=&#8221;1_2&#8243; _builder_version=&#8221;4.16&#8243; custom_padding=&#8221;|||&#8221; global_colors_info=&#8221;{}&#8221; custom_padding__hover=&#8221;|||&#8221;][et_pb_image src=&#8221;https:\/\/cavalcadadereis.cat\/svh\/wp-content\/uploads\/2022\/02\/Logo_centenari_recte.png&#8221; align=&#8221;center&#8221; _builder_version=&#8221;4.16&#8243; _module_preset=&#8221;default&#8221; width=&#8221;70%&#8221; module_alignment=&#8221;center&#8221; custom_margin=&#8221;||||false|false&#8221; custom_padding=&#8221;||||false|false&#8221; global_colors_info=&#8221;{}&#8221;][\/et_pb_image][\/et_pb_column][\/et_pb_row][et_pb_row _builder_version=&#8221;4.16&#8243; background_color=&#8221;#FBC159&#8243; background_size=&#8221;initial&#8221; background_position=&#8221;top_left&#8221; background_repeat=&#8221;repeat&#8221; width=&#8221;94.3%&#8221; custom_padding=&#8221;||13px|||&#8221; border_color_all=&#8221;#E6E6E6&#8243; border_width_right=&#8221;12px&#8221; border_width_left=&#8221;12px&#8221; global_colors_info=&#8221;{}&#8221;][et_pb_column type=&#8221;4_4&#8243; _builder_version=&#8221;4.16&#8243; custom_padding=&#8221;|||&#8221; global_colors_info=&#8221;{}&#8221; custom_padding__hover=&#8221;|||&#8221;][et_pb_text _builder_version=&#8221;4.16&#8243; _module_preset=&#8221;default&#8221; text_text_color=&#8221;#242424&#8243; header_4_font=&#8221;Merienda|700|||||||&#8221; header_4_text_color=&#8221;#2B2568&#8243; header_4_font_size=&#8221;19px&#8221; text_orientation=&#8221;justified&#8221; width=&#8221;94%&#8221; width_tablet=&#8221;94%&#8221; width_phone=&#8221;90%&#8221; width_last_edited=&#8221;on|phone&#8221; module_alignment=&#8221;center&#8221; global_colors_info=&#8221;{}&#8221;]<\/p>\n<h4>Membres del Centenari<\/h4>\n<p style=\"text-align: justify;\">Els integrants de la Comissi\u00f3 l&#8217;any del Centenari:<\/p>\n<p>[\/et_pb_text][\/et_pb_column][\/et_pb_row][et_pb_row column_structure=&#8221;1_3,1_3,1_3&#8243; _builder_version=&#8221;4.16&#8243; background_color=&#8221;#FBC159&#8243; background_size=&#8221;initial&#8221; background_position=&#8221;top_left&#8221; background_repeat=&#8221;repeat&#8221; width=&#8221;94.3%&#8221; custom_padding=&#8221;0px|||||&#8221; border_color_all=&#8221;#E6E6E6&#8243; border_width_right=&#8221;12px&#8221; border_width_left=&#8221;12px&#8221; global_colors_info=&#8221;{}&#8221;][et_pb_column type=&#8221;1_3&#8243; _builder_version=&#8221;4.16&#8243; custom_padding=&#8221;|||&#8221; global_colors_info=&#8221;{}&#8221; custom_padding__hover=&#8221;|||&#8221;][et_pb_text disabled_on=&#8221;on|off|off&#8221; admin_label=&#8221;Membres 1&#8243; _builder_version=&#8221;4.23.3&#8243; _module_preset=&#8221;default&#8221; text_text_color=&#8221;#242424&#8243; header_4_font=&#8221;Merienda|700|||||||&#8221; header_4_text_color=&#8221;#2B2568&#8243; header_4_font_size=&#8221;19px&#8221; text_orientation=&#8221;justified&#8221; width=&#8221;65%&#8221; module_alignment=&#8221;right&#8221; custom_margin=&#8221;1px|||||&#8221; global_colors_info=&#8221;{}&#8221;]<\/p>\n<ul>\n<li>Ram\u00f3n Badosa<\/li>\n<li>Vicen\u00e7 Ferr\u00e9s<\/li>\n<li>Miquel Font<\/li>\n<li>Manel Marqu\u00e8s<\/li>\n<li>Josep Oll\u00e9<\/li>\n<li>Jordi Planas<\/li>\n<\/ul>\n<p>[\/et_pb_text][\/et_pb_column][et_pb_column type=&#8221;1_3&#8243; _builder_version=&#8221;4.16&#8243; custom_padding=&#8221;|||&#8221; global_colors_info=&#8221;{}&#8221; custom_padding__hover=&#8221;|||&#8221;][et_pb_text disabled_on=&#8221;on|off|off&#8221; admin_label=&#8221;Membres 1&#8243; _builder_version=&#8221;4.23.3&#8243; _module_preset=&#8221;default&#8221; text_text_color=&#8221;#242424&#8243; header_4_font=&#8221;Merienda|700|||||||&#8221; header_4_text_color=&#8221;#2B2568&#8243; header_4_font_size=&#8221;19px&#8221; text_orientation=&#8221;justified&#8221; width=&#8221;65%&#8221; module_alignment=&#8221;center&#8221; custom_margin=&#8221;1px|||||&#8221; global_colors_info=&#8221;{}&#8221;]<\/p>\n<ul>\n<li>Narc\u00eds Prats<\/li>\n<li>Joan Ravent\u00f3s<\/li>\n<li>Francesc Reverter<\/li>\n<li>Josep Roig<\/li>\n<li>Xavier Romagosa<\/li>\n<li>Joan Romagosa<\/li>\n<\/ul>\n<p>[\/et_pb_text][\/et_pb_column][et_pb_column type=&#8221;1_3&#8243; _builder_version=&#8221;4.16&#8243; custom_padding=&#8221;|||&#8221; global_colors_info=&#8221;{}&#8221; custom_padding__hover=&#8221;|||&#8221;][et_pb_text disabled_on=&#8221;on|off|off&#8221; admin_label=&#8221;Membres 1&#8243; _builder_version=&#8221;4.23.3&#8243; _module_preset=&#8221;default&#8221; text_text_color=&#8221;#242424&#8243; header_4_font=&#8221;Merienda|700|||||||&#8221; header_4_text_color=&#8221;#2B2568&#8243; header_4_font_size=&#8221;19px&#8221; text_orientation=&#8221;justified&#8221; width=&#8221;65%&#8221; module_alignment=&#8221;left&#8221; custom_margin=&#8221;1px|||||&#8221; global_colors_info=&#8221;{}&#8221;]<\/p>\n<ul>\n<li>Joan Ruiz<\/li>\n<li>Joaquim Sagrist\u00e0<\/li>\n<li>Daniel S\u00e1nchez<\/li>\n<li>Jordi Torras<\/li>\n<li>Marc Valls<\/li>\n<li>Joan Virgili<\/li>\n<\/ul>\n<p>[\/et_pb_text][\/et_pb_column][\/et_pb_row][et_pb_row _builder_version=&#8221;4.27.4&#8243; background_color=&#8221;#FBC159&#8243; background_size=&#8221;initial&#8221; background_position=&#8221;top_left&#8221; background_repeat=&#8221;repeat&#8221; width=&#8221;94.3%&#8221; hover_enabled=&#8221;0&#8243; border_color_all=&#8221;#E6E6E6&#8243; border_width_right=&#8221;12px&#8221; border_width_left=&#8221;12px&#8221; global_colors_info=&#8221;{}&#8221; sticky_enabled=&#8221;0&#8243;][et_pb_column type=&#8221;4_4&#8243; _builder_version=&#8221;4.16&#8243; custom_padding=&#8221;|||&#8221; hover_enabled=&#8221;0&#8243; global_colors_info=&#8221;{}&#8221; custom_padding__hover=&#8221;|||&#8221; sticky_enabled=&#8221;0&#8243;][et_pb_text _builder_version=&#8221;4.16&#8243; _module_preset=&#8221;default&#8221; text_text_color=&#8221;#242424&#8243; header_4_font=&#8221;Merienda|700|||||||&#8221; header_4_text_color=&#8221;#2B2568&#8243; header_4_font_size=&#8221;19px&#8221; text_orientation=&#8221;justified&#8221; width=&#8221;94%&#8221; width_tablet=&#8221;94%&#8221; width_phone=&#8221;90%&#8221; width_last_edited=&#8221;on|phone&#8221; module_alignment=&#8221;center&#8221; global_colors_info=&#8221;{}&#8221;]<\/p>\n<h4>El llibre: &#8220;Hist\u00f2ries centen\u00e0ries&#8221;<\/h4>\n<p style=\"text-align: justify;\">L\u2019obra commemorativa del centenari fa un rep\u00e0s als cent primers anys de la Cavalcada a Sant Vicen\u00e7. El llibre es basa en el testimoniatge de vicentins i vicentines a la Cavalcada de Reis.<\/p>\n<p style=\"text-align: justify;\">A trav\u00e9s d\u2019un breu recull de documents hist\u00f2rics i d\u2019entrevistes, es recorden les tasques desinteressades dels diferents voluntaris a la cavalcada i l\u2019evoluci\u00f3 d\u2019aquesta al llarg dels anys. Podeu consultar-lo a la Biblioteca Municipal Les Voltes.<\/p>\n<p>[\/et_pb_text][\/et_pb_column][\/et_pb_row][et_pb_row _builder_version=&#8221;4.27.4&#8243; _module_preset=&#8221;default&#8221; column_structure=&#8221;1_3,1_3,1_3&#8243; background_color=&#8221;#FBC159&#8243; border_width_right=&#8221;12px&#8221; border_width_bottom=&#8221;12px&#8221; border_width_left=&#8221;12px&#8221; border_color_left=&#8221;#E6E6E6&#8243; border_color_bottom=&#8221;#E6E6E6&#8243; border_color_right=&#8221;#E6E6E6&#8243; hover_enabled=&#8221;0&#8243; sticky_enabled=&#8221;0&#8243; width=&#8221;94.3%&#8221;][et_pb_column _builder_version=&#8221;4.27.4&#8243; _module_preset=&#8221;default&#8221; type=&#8221;1_3&#8243;][\/et_pb_column][et_pb_column _builder_version=&#8221;4.27.4&#8243; _module_preset=&#8221;default&#8221; type=&#8221;1_3&#8243;][et_pb_image src=&#8221;https:\/\/cavalcadadereis.cat\/svh\/wp-content\/uploads\/2022\/01\/Histories-centenaries.png&#8221; _builder_version=&#8221;4.27.4&#8243; _module_preset=&#8221;default&#8221; width=&#8221;100%&#8221; width_tablet=&#8221;25%&#8221; width_phone=&#8221;90%&#8221; width_last_edited=&#8221;on|phone&#8221; module_alignment=&#8221;center&#8221; hover_enabled=&#8221;0&#8243; border_color_all=&#8221;#E3933F&#8221; box_shadow_style=&#8221;preset2&#8243; global_colors_info=&#8221;{}&#8221; sticky_enabled=&#8221;0&#8243;][\/et_pb_image][\/et_pb_column][et_pb_column _builder_version=&#8221;4.27.4&#8243; _module_preset=&#8221;default&#8221; type=&#8221;1_3&#8243;][\/et_pb_column][\/et_pb_row][\/et_pb_section]<\/p>\n","protected":false},"excerpt":{"rendered":"<p>L&#8217;acte del Centenari L\u2019any 1996 va fer cent anys de la primera Cavalcada de Reis a Sant Vicen\u00e7 dels Horts, per aix\u00f2 el dia 30 de novembre de 1996 es va celebrar un sopar commemoratiu. Gaireb\u00e9 tres-centes persones es van reunir al voltant de la taula per celebrar el Centenari de la Cavalcada de Reis [&hellip;]<\/p>\n","protected":false},"author":1,"featured_media":0,"parent":2273,"menu_order":5,"comment_status":"closed","ping_status":"closed","template":"","meta":{"_et_pb_use_builder":"on","_et_pb_old_content":"","_et_gb_content_width":"","footnotes":""},"folder":[26],"class_list":["post-2268","page","type-page","status-publish","hentry"],"yoast_head":"<!-- This site is optimized with the Yoast SEO plugin v26.6 - https:\/\/yoast.com\/wordpress\/plugins\/seo\/ -->\n<title>El Centenari - Cavalcada de Reis SVH<\/title>\n<meta name=\"robots\" content=\"index, follow, max-snippet:-1, max-image-preview:large, max-video-preview:-1\" \/>\n<link rel=\"canonical\" href=\"https:\/\/cavalcadadereis.cat\/svh\/historia\/el-centenari\/\" \/>\n<meta property=\"og:locale\" content=\"ca_ES\" \/>\n<meta property=\"og:type\" content=\"article\" \/>\n<meta property=\"og:title\" content=\"El Centenari - Cavalcada de Reis SVH\" \/>\n<meta property=\"og:description\" content=\"L&#039;acte del Centenari L\u2019any 1996 va fer cent anys de la primera Cavalcada de Reis a Sant Vicen\u00e7 dels Horts, per aix\u00f2 el dia 30 de novembre de 1996 es va celebrar un sopar commemoratiu. Gaireb\u00e9 tres-centes persones es van reunir al voltant de la taula per celebrar el Centenari de la Cavalcada de Reis [&hellip;]\" \/>\n<meta property=\"og:url\" content=\"https:\/\/cavalcadadereis.cat\/svh\/historia\/el-centenari\/\" \/>\n<meta property=\"og:site_name\" content=\"Cavalcada de Reis SVH\" \/>\n<meta property=\"article:modified_time\" content=\"2025-12-27T11:28:22+00:00\" \/>\n<meta name=\"twitter:card\" content=\"summary_large_image\" \/>\n<meta name=\"twitter:label1\" content=\"Temps estimat de lectura\" \/>\n\t<meta name=\"twitter:data1\" content=\"6 minuts\" \/>\n<script type=\"application\/ld+json\" class=\"yoast-schema-graph\">{\"@context\":\"https:\/\/schema.org\",\"@graph\":[{\"@type\":\"WebPage\",\"@id\":\"https:\/\/cavalcadadereis.cat\/svh\/historia\/el-centenari\/\",\"url\":\"https:\/\/cavalcadadereis.cat\/svh\/historia\/el-centenari\/\",\"name\":\"El Centenari - Cavalcada de Reis SVH\",\"isPartOf\":{\"@id\":\"https:\/\/cavalcadadereis.cat\/svh\/#website\"},\"datePublished\":\"2022-01-28T22:18:16+00:00\",\"dateModified\":\"2025-12-27T11:28:22+00:00\",\"breadcrumb\":{\"@id\":\"https:\/\/cavalcadadereis.cat\/svh\/historia\/el-centenari\/#breadcrumb\"},\"inLanguage\":\"ca\",\"potentialAction\":[{\"@type\":\"ReadAction\",\"target\":[\"https:\/\/cavalcadadereis.cat\/svh\/historia\/el-centenari\/\"]}]},{\"@type\":\"BreadcrumbList\",\"@id\":\"https:\/\/cavalcadadereis.cat\/svh\/historia\/el-centenari\/#breadcrumb\",\"itemListElement\":[{\"@type\":\"ListItem\",\"position\":1,\"name\":\"Inici\",\"item\":\"https:\/\/cavalcadadereis.cat\/svh\/\"},{\"@type\":\"ListItem\",\"position\":2,\"name\":\"Hist\u00f2ria\",\"item\":\"https:\/\/cavalcadadereis.cat\/svh\/historia\/\"},{\"@type\":\"ListItem\",\"position\":3,\"name\":\"El Centenari\"}]},{\"@type\":\"WebSite\",\"@id\":\"https:\/\/cavalcadadereis.cat\/svh\/#website\",\"url\":\"https:\/\/cavalcadadereis.cat\/svh\/\",\"name\":\"Cavalcada de Reis SVH\",\"description\":\"\",\"potentialAction\":[{\"@type\":\"SearchAction\",\"target\":{\"@type\":\"EntryPoint\",\"urlTemplate\":\"https:\/\/cavalcadadereis.cat\/svh\/?s={search_term_string}\"},\"query-input\":{\"@type\":\"PropertyValueSpecification\",\"valueRequired\":true,\"valueName\":\"search_term_string\"}}],\"inLanguage\":\"ca\"}]}<\/script>\n<!-- \/ Yoast SEO plugin. -->","yoast_head_json":{"title":"El Centenari - Cavalcada de Reis SVH","robots":{"index":"index","follow":"follow","max-snippet":"max-snippet:-1","max-image-preview":"max-image-preview:large","max-video-preview":"max-video-preview:-1"},"canonical":"https:\/\/cavalcadadereis.cat\/svh\/historia\/el-centenari\/","og_locale":"ca_ES","og_type":"article","og_title":"El Centenari - Cavalcada de Reis SVH","og_description":"L'acte del Centenari L\u2019any 1996 va fer cent anys de la primera Cavalcada de Reis a Sant Vicen\u00e7 dels Horts, per aix\u00f2 el dia 30 de novembre de 1996 es va celebrar un sopar commemoratiu. Gaireb\u00e9 tres-centes persones es van reunir al voltant de la taula per celebrar el Centenari de la Cavalcada de Reis [&hellip;]","og_url":"https:\/\/cavalcadadereis.cat\/svh\/historia\/el-centenari\/","og_site_name":"Cavalcada de Reis SVH","article_modified_time":"2025-12-27T11:28:22+00:00","twitter_card":"summary_large_image","twitter_misc":{"Temps estimat de lectura":"6 minuts"},"schema":{"@context":"https:\/\/schema.org","@graph":[{"@type":"WebPage","@id":"https:\/\/cavalcadadereis.cat\/svh\/historia\/el-centenari\/","url":"https:\/\/cavalcadadereis.cat\/svh\/historia\/el-centenari\/","name":"El Centenari - Cavalcada de Reis SVH","isPartOf":{"@id":"https:\/\/cavalcadadereis.cat\/svh\/#website"},"datePublished":"2022-01-28T22:18:16+00:00","dateModified":"2025-12-27T11:28:22+00:00","breadcrumb":{"@id":"https:\/\/cavalcadadereis.cat\/svh\/historia\/el-centenari\/#breadcrumb"},"inLanguage":"ca","potentialAction":[{"@type":"ReadAction","target":["https:\/\/cavalcadadereis.cat\/svh\/historia\/el-centenari\/"]}]},{"@type":"BreadcrumbList","@id":"https:\/\/cavalcadadereis.cat\/svh\/historia\/el-centenari\/#breadcrumb","itemListElement":[{"@type":"ListItem","position":1,"name":"Inici","item":"https:\/\/cavalcadadereis.cat\/svh\/"},{"@type":"ListItem","position":2,"name":"Hist\u00f2ria","item":"https:\/\/cavalcadadereis.cat\/svh\/historia\/"},{"@type":"ListItem","position":3,"name":"El Centenari"}]},{"@type":"WebSite","@id":"https:\/\/cavalcadadereis.cat\/svh\/#website","url":"https:\/\/cavalcadadereis.cat\/svh\/","name":"Cavalcada de Reis SVH","description":"","potentialAction":[{"@type":"SearchAction","target":{"@type":"EntryPoint","urlTemplate":"https:\/\/cavalcadadereis.cat\/svh\/?s={search_term_string}"},"query-input":{"@type":"PropertyValueSpecification","valueRequired":true,"valueName":"search_term_string"}}],"inLanguage":"ca"}]}},"_links":{"self":[{"href":"https:\/\/cavalcadadereis.cat\/svh\/wp-json\/wp\/v2\/pages\/2268","targetHints":{"allow":["GET"]}}],"collection":[{"href":"https:\/\/cavalcadadereis.cat\/svh\/wp-json\/wp\/v2\/pages"}],"about":[{"href":"https:\/\/cavalcadadereis.cat\/svh\/wp-json\/wp\/v2\/types\/page"}],"author":[{"embeddable":true,"href":"https:\/\/cavalcadadereis.cat\/svh\/wp-json\/wp\/v2\/users\/1"}],"replies":[{"embeddable":true,"href":"https:\/\/cavalcadadereis.cat\/svh\/wp-json\/wp\/v2\/comments?post=2268"}],"version-history":[{"count":13,"href":"https:\/\/cavalcadadereis.cat\/svh\/wp-json\/wp\/v2\/pages\/2268\/revisions"}],"predecessor-version":[{"id":3176,"href":"https:\/\/cavalcadadereis.cat\/svh\/wp-json\/wp\/v2\/pages\/2268\/revisions\/3176"}],"up":[{"embeddable":true,"href":"https:\/\/cavalcadadereis.cat\/svh\/wp-json\/wp\/v2\/pages\/2273"}],"wp:attachment":[{"href":"https:\/\/cavalcadadereis.cat\/svh\/wp-json\/wp\/v2\/media?parent=2268"}],"wp:term":[{"taxonomy":"folder","embeddable":true,"href":"https:\/\/cavalcadadereis.cat\/svh\/wp-json\/wp\/v2\/folder?post=2268"}],"curies":[{"name":"wp","href":"https:\/\/api.w.org\/{rel}","templated":true}]}}