{"id":2242,"date":"2022-01-28T21:59:44","date_gmt":"2022-01-28T20:59:44","guid":{"rendered":"http:\/\/cavalcadadereis.cat\/svh\/?page_id=2242"},"modified":"2023-12-28T20:09:39","modified_gmt":"2023-12-28T19:09:39","slug":"transparencia","status":"publish","type":"page","link":"https:\/\/cavalcadadereis.cat\/svh\/transparencia\/","title":{"rendered":"Transpar\u00e8ncia"},"content":{"rendered":"<p>[et_pb_section fb_built=&#8221;1&#8243; _builder_version=&#8221;4.23.3&#8243; background_color=&#8221;#E3933F&#8221; custom_padding=&#8221;0px||0px|||&#8221; hover_enabled=&#8221;0&#8243; transparent_background=&#8221;on&#8221; global_colors_info=&#8221;{}&#8221; sticky_enabled=&#8221;0&#8243;][et_pb_row _builder_version=&#8221;4.23.3&#8243; background_color=&#8221;#FBC159&#8243; background_size=&#8221;initial&#8221; background_position=&#8221;top_left&#8221; background_repeat=&#8221;repeat&#8221; width=&#8221;94.3%&#8221; hover_enabled=&#8221;0&#8243; border_color_all=&#8221;#E6E6E6&#8243; border_width_right=&#8221;12px&#8221; border_width_bottom=&#8221;12px&#8221; border_width_left=&#8221;12px&#8221; global_colors_info=&#8221;{}&#8221; sticky_enabled=&#8221;0&#8243;][et_pb_column type=&#8221;4_4&#8243; _builder_version=&#8221;4.16&#8243; custom_padding=&#8221;|||&#8221; global_colors_info=&#8221;{}&#8221; custom_padding__hover=&#8221;|||&#8221;][et_pb_post_title meta=&#8221;off&#8221; featured_image=&#8221;off&#8221; _builder_version=&#8221;4.16&#8243; title_font=&#8221;Merienda|700|||||||&#8221; title_text_color=&#8221;#FFFFFF&#8221; title_font_size=&#8221;28px&#8221; title_letter_spacing=&#8221;1px&#8221; background_color=&#8221;#2B2568&#8243; parallax=&#8221;on&#8221; parallax_method=&#8221;off&#8221; width=&#8221;23%&#8221; module_alignment=&#8221;left&#8221; custom_padding=&#8221;9px||4px|20px|false|false&#8221; border_color_bottom=&#8221;#FBC159&#8243; parallax_effect=&#8221;on&#8221; use_border_color=&#8221;off&#8221; border_color=&#8221;#ffffff&#8221; border_style=&#8221;solid&#8221; global_colors_info=&#8221;{}&#8221;][\/et_pb_post_title][et_pb_text _builder_version=&#8221;4.23.3&#8243; _module_preset=&#8221;default&#8221; text_text_color=&#8221;#242424&#8243; text_orientation=&#8221;justified&#8221; width=&#8221;94%&#8221; module_alignment=&#8221;center&#8221; hover_enabled=&#8221;0&#8243; global_colors_info=&#8221;{}&#8221; sticky_enabled=&#8221;0&#8243;]<\/p>\n<p>La Cavalcada de Reis de Sant Vicen\u00e7 dels Horts est\u00e0 organitzada \u00edntegrament per voluntaris i volunt\u00e0ries a trav\u00e9s de la Comissi\u00f3 Organitzadora de la Cavalcada de Reis que dediquen el seu temps i esfor\u00e7 a la preparaci\u00f3 de la nit de reis al llarg de tot l&#8217;any.<\/p>\n<p>La cavalcada tamb\u00e9 rep el suport econ\u00f2mic de l&#8217;Ajuntament de Sant Vicen\u00e7 dels Horts per tal de poder fer front a les despeses de compra de material per a la seva elaboraci\u00f3.<\/p>\n<p>[\/et_pb_text][et_pb_text _builder_version=&#8221;4.23.3&#8243; _module_preset=&#8221;default&#8221; text_text_color=&#8221;#242424&#8243; text_orientation=&#8221;justified&#8221; width=&#8221;94%&#8221; module_alignment=&#8221;center&#8221; hover_enabled=&#8221;0&#8243; global_colors_info=&#8221;{}&#8221; sticky_enabled=&#8221;0&#8243;]<\/p>\n<p>&nbsp;<\/p>\n<table border=\"2\" style=\"height: 837px; width: 100%; border-collapse: collapse; border-color: #242424; border-style: solid; margin-left: auto; margin-right: auto;\">\n<caption><\/caption>\n<tbody>\n<tr style=\"height: 24px;\">\n<td style=\"width: 15%; text-align: center; height: 24px;\"><strong>REFER\u00c8NCIA<\/strong><\/td>\n<td style=\"width: 15%; text-align: center; height: 24px;\"><strong>DATA<\/strong><\/td>\n<td style=\"width: 15%; text-align: center; height: 24px;\"><strong>IMPORT<\/strong><\/td>\n<td style=\"width: 60%; text-align: center; height: 24px;\"><strong>CONCEPTE<\/strong><\/td>\n<\/tr>\n<tr style=\"height: 24px;\">\n<td style=\"width: 15%; text-align: center; height: 24px;\">\n<p>2020 &#8211;<\/p>\n<div class=\"page\" title=\"Page 478\">\n<div class=\"section\">\n<div class=\"layoutArea\">\n<div class=\"column\">\n<p>2042033448102<\/p>\n<\/div>\n<\/div>\n<\/div>\n<\/div>\n<\/td>\n<td style=\"width: 15%; text-align: center; height: 24px;\">10\/09\/2020<\/td>\n<td style=\"width: 15%; text-align: center; height: 24px;\">57.000 \u20ac<\/td>\n<td style=\"width: 60%; text-align: center; height: 24px;\">Organitzaci\u00f3 general de la cavalcada i nou vestuari pels reis, patges i seguici<\/td>\n<\/tr>\n<tr style=\"height: 24px;\">\n<td style=\"width: 15%; text-align: center; height: 24px;\">\n<p>2019 &#8211;<\/p>\n<div class=\"page\" title=\"Page 95\">\n<div class=\"section\">\n<div class=\"layoutArea\">\n<div class=\"column\">\n<p>1942033448102<\/p>\n<\/div>\n<\/div>\n<\/div>\n<\/div>\n<\/td>\n<td style=\"width: 15%; text-align: center; height: 24px;\">10\/10\/2019<\/td>\n<td style=\"width: 15%; text-align: center; height: 24px;\">32.000 \u20ac<\/td>\n<td style=\"width: 60%; text-align: center; height: 24px;\">Organitzaci\u00f3 general de la cavalcada<\/td>\n<\/tr>\n<tr style=\"height: 24px;\">\n<td style=\"width: 15%; text-align: center; height: 24px;\">180006985<\/td>\n<td style=\"width: 15%; text-align: center; height: 24px;\">04\/06\/2018<\/td>\n<td style=\"width: 15%; text-align: center; height: 24px;\">32.000 \u20ac<\/td>\n<td style=\"width: 60%; text-align: center; height: 24px;\">Organitzaci\u00f3 general de la cavalcada<\/td>\n<\/tr>\n<tr style=\"height: 24px;\">\n<td style=\"width: 15%; text-align: center; height: 24px;\">2018 C<\/td>\n<td style=\"width: 15%; text-align: center; height: 24px;\">24\/05\/2017<\/td>\n<td style=\"width: 15%; text-align: center; height: 24px;\">32.000 \u20ac<\/td>\n<td style=\"width: 60%; text-align: center; height: 24px;\">Organitzaci\u00f3 general de la cavalcada i material per substituci\u00f3 de dues plataformes velles<\/td>\n<\/tr>\n<tr style=\"height: 24px;\">\n<td style=\"width: 15%; text-align: center; height: 24px;\">2017 C<\/td>\n<td style=\"width: 15%; text-align: center; height: 24px;\">09\/11\/2016<\/td>\n<td style=\"width: 15%; text-align: center; height: 24px;\">20.000 \u20ac<\/td>\n<td style=\"width: 60%; text-align: center; height: 24px;\">Organitzaci\u00f3 general de la cavalcada<\/td>\n<\/tr>\n<tr style=\"height: 24px;\">\n<td style=\"width: 15%; text-align: center; height: 24px;\">2016 C<\/td>\n<td style=\"width: 15%; text-align: center; height: 24px;\">28\/10\/2015<\/td>\n<td style=\"width: 15%; text-align: center; height: 24px;\">20.000 \u20ac<\/td>\n<td style=\"width: 60%; text-align: center; height: 24px;\">Organitzaci\u00f3 general de la cavalcada<\/td>\n<\/tr>\n<tr style=\"height: 22px;\">\n<td style=\"width: 15%; text-align: center; height: 22px;\">2016 A<\/td>\n<td style=\"width: 15%; text-align: center; height: 22px;\">08\/06\/2016<\/td>\n<td style=\"width: 15%; text-align: center; height: 22px;\">7.188 \u20ac<\/td>\n<td style=\"width: 60%; text-align: center; height: 22px;\">Material per substituci\u00f3 de dues plataformes velles<\/td>\n<\/tr>\n<tr style=\"height: 24px;\">\n<td style=\"width: 15%; text-align: center; height: 24px;\">2016 A<\/td>\n<td style=\"width: 15%; text-align: center; height: 24px;\">01\/12\/2016<\/td>\n<td style=\"width: 15%; text-align: center; height: 24px;\">4.792 \u20ac<\/td>\n<td style=\"width: 60%; text-align: center; height: 24px;\">Material per substituci\u00f3 de dues plataformes velles<\/td>\n<\/tr>\n<tr style=\"height: 24px;\">\n<td style=\"width: 15%; text-align: center; height: 24px;\">2015 C<\/td>\n<td style=\"width: 15%; text-align: center; height: 24px;\">19\/11\/2014<\/td>\n<td style=\"width: 15%; text-align: center; height: 24px;\">20.000 \u20ac<\/td>\n<td style=\"width: 60%; text-align: center; height: 24px;\">Organitzaci\u00f3 general de la cavalcada<\/td>\n<\/tr>\n<tr style=\"height: 24px;\">\n<td style=\"width: 15%; text-align: center; height: 24px;\">2015 A<\/td>\n<td style=\"width: 15%; text-align: center; height: 24px;\">27\/05\/2015<\/td>\n<td style=\"width: 15%; text-align: center; height: 24px;\">7.188 \u20ac<\/td>\n<td style=\"width: 60%; text-align: center; height: 24px;\">Material per substituci\u00f3 de dues plataformes velles<\/td>\n<\/tr>\n<tr style=\"height: 24px;\">\n<td style=\"width: 15%; text-align: center; height: 24px;\">2015 A<\/td>\n<td style=\"width: 15%; text-align: center; height: 24px;\">23\/12\/2015<\/td>\n<td style=\"width: 15%; text-align: center; height: 24px;\">4.792 \u20ac<\/td>\n<td style=\"width: 60%; text-align: center; height: 24px;\">Material per substituci\u00f3 de dues plataformes velles<\/td>\n<\/tr>\n<tr style=\"height: 24px;\">\n<td style=\"width: 15%; text-align: center; height: 24px;\">2014 A<\/td>\n<td style=\"width: 15%; text-align: center; height: 24px;\">30\/04\/2014<\/td>\n<td style=\"width: 15%; text-align: center; height: 24px;\">7.050 \u20ac<\/td>\n<td style=\"width: 60%; text-align: center; height: 24px;\">Material per substituci\u00f3 de dues plataformes velles<\/td>\n<\/tr>\n<tr style=\"height: 24px;\">\n<td style=\"width: 15%; text-align: center; height: 24px;\">2014 A<\/td>\n<td style=\"width: 15%; text-align: center; height: 24px;\">21\/01\/2015<\/td>\n<td style=\"width: 15%; text-align: center; height: 24px;\">4.700 \u20ac<\/td>\n<td style=\"width: 60%; text-align: center; height: 24px;\">Material per substituci\u00f3 de dues plataformes velles<\/td>\n<\/tr>\n<\/tbody>\n<\/table>\n<p>&nbsp;<\/p>\n<p>[\/et_pb_text][\/et_pb_column][\/et_pb_row][\/et_pb_section]<\/p>\n","protected":false},"excerpt":{"rendered":"<p>La Cavalcada de Reis de Sant Vicen\u00e7 dels Horts est\u00e0 organitzada \u00edntegrament per voluntaris i volunt\u00e0ries a trav\u00e9s de la Comissi\u00f3 Organitzadora de la Cavalcada de Reis que dediquen el seu temps i esfor\u00e7 a la preparaci\u00f3 de la nit de reis al llarg de tot l&#8217;any. La cavalcada tamb\u00e9 rep el suport econ\u00f2mic de [&hellip;]<\/p>\n","protected":false},"author":1,"featured_media":0,"parent":0,"menu_order":8,"comment_status":"closed","ping_status":"closed","template":"","meta":{"_et_pb_use_builder":"on","_et_pb_old_content":"","_et_gb_content_width":"","footnotes":""},"folder":[26],"class_list":["post-2242","page","type-page","status-publish","hentry"],"yoast_head":"<!-- This site is optimized with the Yoast SEO plugin v26.6 - https:\/\/yoast.com\/wordpress\/plugins\/seo\/ -->\n<title>Transpar\u00e8ncia - Cavalcada de Reis SVH<\/title>\n<meta name=\"robots\" content=\"index, follow, max-snippet:-1, max-image-preview:large, max-video-preview:-1\" \/>\n<link rel=\"canonical\" href=\"https:\/\/cavalcadadereis.cat\/svh\/transparencia\/\" \/>\n<meta property=\"og:locale\" content=\"ca_ES\" \/>\n<meta property=\"og:type\" content=\"article\" \/>\n<meta property=\"og:title\" content=\"Transpar\u00e8ncia - Cavalcada de Reis SVH\" \/>\n<meta property=\"og:description\" content=\"La Cavalcada de Reis de Sant Vicen\u00e7 dels Horts est\u00e0 organitzada \u00edntegrament per voluntaris i volunt\u00e0ries a trav\u00e9s de la Comissi\u00f3 Organitzadora de la Cavalcada de Reis que dediquen el seu temps i esfor\u00e7 a la preparaci\u00f3 de la nit de reis al llarg de tot l&#039;any. La cavalcada tamb\u00e9 rep el suport econ\u00f2mic de [&hellip;]\" \/>\n<meta property=\"og:url\" content=\"https:\/\/cavalcadadereis.cat\/svh\/transparencia\/\" \/>\n<meta property=\"og:site_name\" content=\"Cavalcada de Reis SVH\" \/>\n<meta property=\"article:modified_time\" content=\"2023-12-28T19:09:39+00:00\" \/>\n<meta name=\"twitter:card\" content=\"summary_large_image\" \/>\n<meta name=\"twitter:label1\" content=\"Temps estimat de lectura\" \/>\n\t<meta name=\"twitter:data1\" content=\"2 minuts\" \/>\n<script type=\"application\/ld+json\" class=\"yoast-schema-graph\">{\"@context\":\"https:\/\/schema.org\",\"@graph\":[{\"@type\":\"WebPage\",\"@id\":\"https:\/\/cavalcadadereis.cat\/svh\/transparencia\/\",\"url\":\"https:\/\/cavalcadadereis.cat\/svh\/transparencia\/\",\"name\":\"Transpar\u00e8ncia - Cavalcada de Reis SVH\",\"isPartOf\":{\"@id\":\"https:\/\/cavalcadadereis.cat\/svh\/#website\"},\"datePublished\":\"2022-01-28T20:59:44+00:00\",\"dateModified\":\"2023-12-28T19:09:39+00:00\",\"breadcrumb\":{\"@id\":\"https:\/\/cavalcadadereis.cat\/svh\/transparencia\/#breadcrumb\"},\"inLanguage\":\"ca\",\"potentialAction\":[{\"@type\":\"ReadAction\",\"target\":[\"https:\/\/cavalcadadereis.cat\/svh\/transparencia\/\"]}]},{\"@type\":\"BreadcrumbList\",\"@id\":\"https:\/\/cavalcadadereis.cat\/svh\/transparencia\/#breadcrumb\",\"itemListElement\":[{\"@type\":\"ListItem\",\"position\":1,\"name\":\"Inici\",\"item\":\"https:\/\/cavalcadadereis.cat\/svh\/\"},{\"@type\":\"ListItem\",\"position\":2,\"name\":\"Transpar\u00e8ncia\"}]},{\"@type\":\"WebSite\",\"@id\":\"https:\/\/cavalcadadereis.cat\/svh\/#website\",\"url\":\"https:\/\/cavalcadadereis.cat\/svh\/\",\"name\":\"Cavalcada de Reis SVH\",\"description\":\"\",\"potentialAction\":[{\"@type\":\"SearchAction\",\"target\":{\"@type\":\"EntryPoint\",\"urlTemplate\":\"https:\/\/cavalcadadereis.cat\/svh\/?s={search_term_string}\"},\"query-input\":{\"@type\":\"PropertyValueSpecification\",\"valueRequired\":true,\"valueName\":\"search_term_string\"}}],\"inLanguage\":\"ca\"}]}<\/script>\n<!-- \/ Yoast SEO plugin. -->","yoast_head_json":{"title":"Transpar\u00e8ncia - Cavalcada de Reis SVH","robots":{"index":"index","follow":"follow","max-snippet":"max-snippet:-1","max-image-preview":"max-image-preview:large","max-video-preview":"max-video-preview:-1"},"canonical":"https:\/\/cavalcadadereis.cat\/svh\/transparencia\/","og_locale":"ca_ES","og_type":"article","og_title":"Transpar\u00e8ncia - Cavalcada de Reis SVH","og_description":"La Cavalcada de Reis de Sant Vicen\u00e7 dels Horts est\u00e0 organitzada \u00edntegrament per voluntaris i volunt\u00e0ries a trav\u00e9s de la Comissi\u00f3 Organitzadora de la Cavalcada de Reis que dediquen el seu temps i esfor\u00e7 a la preparaci\u00f3 de la nit de reis al llarg de tot l'any. La cavalcada tamb\u00e9 rep el suport econ\u00f2mic de [&hellip;]","og_url":"https:\/\/cavalcadadereis.cat\/svh\/transparencia\/","og_site_name":"Cavalcada de Reis SVH","article_modified_time":"2023-12-28T19:09:39+00:00","twitter_card":"summary_large_image","twitter_misc":{"Temps estimat de lectura":"2 minuts"},"schema":{"@context":"https:\/\/schema.org","@graph":[{"@type":"WebPage","@id":"https:\/\/cavalcadadereis.cat\/svh\/transparencia\/","url":"https:\/\/cavalcadadereis.cat\/svh\/transparencia\/","name":"Transpar\u00e8ncia - Cavalcada de Reis SVH","isPartOf":{"@id":"https:\/\/cavalcadadereis.cat\/svh\/#website"},"datePublished":"2022-01-28T20:59:44+00:00","dateModified":"2023-12-28T19:09:39+00:00","breadcrumb":{"@id":"https:\/\/cavalcadadereis.cat\/svh\/transparencia\/#breadcrumb"},"inLanguage":"ca","potentialAction":[{"@type":"ReadAction","target":["https:\/\/cavalcadadereis.cat\/svh\/transparencia\/"]}]},{"@type":"BreadcrumbList","@id":"https:\/\/cavalcadadereis.cat\/svh\/transparencia\/#breadcrumb","itemListElement":[{"@type":"ListItem","position":1,"name":"Inici","item":"https:\/\/cavalcadadereis.cat\/svh\/"},{"@type":"ListItem","position":2,"name":"Transpar\u00e8ncia"}]},{"@type":"WebSite","@id":"https:\/\/cavalcadadereis.cat\/svh\/#website","url":"https:\/\/cavalcadadereis.cat\/svh\/","name":"Cavalcada de Reis SVH","description":"","potentialAction":[{"@type":"SearchAction","target":{"@type":"EntryPoint","urlTemplate":"https:\/\/cavalcadadereis.cat\/svh\/?s={search_term_string}"},"query-input":{"@type":"PropertyValueSpecification","valueRequired":true,"valueName":"search_term_string"}}],"inLanguage":"ca"}]}},"_links":{"self":[{"href":"https:\/\/cavalcadadereis.cat\/svh\/wp-json\/wp\/v2\/pages\/2242","targetHints":{"allow":["GET"]}}],"collection":[{"href":"https:\/\/cavalcadadereis.cat\/svh\/wp-json\/wp\/v2\/pages"}],"about":[{"href":"https:\/\/cavalcadadereis.cat\/svh\/wp-json\/wp\/v2\/types\/page"}],"author":[{"embeddable":true,"href":"https:\/\/cavalcadadereis.cat\/svh\/wp-json\/wp\/v2\/users\/1"}],"replies":[{"embeddable":true,"href":"https:\/\/cavalcadadereis.cat\/svh\/wp-json\/wp\/v2\/comments?post=2242"}],"version-history":[{"count":6,"href":"https:\/\/cavalcadadereis.cat\/svh\/wp-json\/wp\/v2\/pages\/2242\/revisions"}],"predecessor-version":[{"id":3056,"href":"https:\/\/cavalcadadereis.cat\/svh\/wp-json\/wp\/v2\/pages\/2242\/revisions\/3056"}],"wp:attachment":[{"href":"https:\/\/cavalcadadereis.cat\/svh\/wp-json\/wp\/v2\/media?parent=2242"}],"wp:term":[{"taxonomy":"folder","embeddable":true,"href":"https:\/\/cavalcadadereis.cat\/svh\/wp-json\/wp\/v2\/folder?post=2242"}],"curies":[{"name":"wp","href":"https:\/\/api.w.org\/{rel}","templated":true}]}}