{"id":186,"date":"2017-08-21T14:24:04","date_gmt":"2017-08-21T13:24:04","guid":{"rendered":"http:\/\/cavalcadadereis.cat\/svh\/?page_id=186"},"modified":"2022-01-29T00:54:35","modified_gmt":"2022-01-28T23:54:35","slug":"itinerari-1","status":"publish","type":"page","link":"https:\/\/cavalcadadereis.cat\/svh\/la-cavalcada-1\/itinerari-1\/","title":{"rendered":"Itinerari"},"content":{"rendered":"<p>[et_pb_section fb_built=&#8221;1&#8243; fullwidth=&#8221;on&#8221; _builder_version=&#8221;4.7.7&#8243; collapsed=&#8221;off&#8221;][et_pb_fullwidth_slider show_arrows=&#8221;off&#8221; _builder_version=&#8221;4.0.9&#8243; background_size=&#8221;initial&#8221; background_position=&#8221;top_left&#8221; background_repeat=&#8221;repeat&#8221; content_width=&#8221;79%&#8221; custom_padding=&#8221;|||&#8221; custom_padding_tablet=&#8221;|||&#8221; custom_padding_phone=&#8221;|||&#8221; auto=&#8221;on&#8221; auto_speed=&#8221;5000&#8243; box_shadow_style=&#8221;preset6&#8243; box_shadow_blur=&#8221;10px&#8221; box_shadow_color=&#8221;rgba(0,0,0,0.1)&#8221; remove_inner_shadow=&#8221;off&#8221; hide_content_on_mobile=&#8221;off&#8221; hide_cta_on_mobile=&#8221;off&#8221; show_inner_shadow=&#8221;on&#8221; button_letter_spacing_hover=&#8221;0&#8243; button_text_size__hover_enabled=&#8221;off&#8221; button_one_text_size__hover_enabled=&#8221;off&#8221; button_two_text_size__hover_enabled=&#8221;off&#8221; button_text_color__hover_enabled=&#8221;off&#8221; button_one_text_color__hover_enabled=&#8221;off&#8221; button_two_text_color__hover_enabled=&#8221;off&#8221; button_border_width__hover_enabled=&#8221;off&#8221; button_one_border_width__hover_enabled=&#8221;off&#8221; button_two_border_width__hover_enabled=&#8221;off&#8221; button_border_color__hover_enabled=&#8221;off&#8221; button_one_border_color__hover_enabled=&#8221;off&#8221; button_two_border_color__hover_enabled=&#8221;off&#8221; button_border_radius__hover_enabled=&#8221;off&#8221; button_one_border_radius__hover_enabled=&#8221;off&#8221; button_two_border_radius__hover_enabled=&#8221;off&#8221; button_letter_spacing__hover_enabled=&#8221;on&#8221; button_letter_spacing__hover=&#8221;0&#8243; button_one_letter_spacing__hover_enabled=&#8221;off&#8221; button_two_letter_spacing__hover_enabled=&#8221;off&#8221; button_bg_color__hover_enabled=&#8221;off&#8221; button_one_bg_color__hover_enabled=&#8221;off&#8221; button_two_bg_color__hover_enabled=&#8221;off&#8221;][et_pb_slide use_bg_overlay=&#8221;off&#8221; use_text_overlay=&#8221;off&#8221; admin_title=&#8221;Slide_01&#8243; _builder_version=&#8221;3.16&#8243; header_font=&#8221;||||&#8221; body_font=&#8221;||||&#8221; background_color=&#8221;#ffffff&#8221; background_image=&#8221;https:\/\/cavalcadadereis.cat\/svh\/wp-content\/uploads\/2017\/08\/slide_p1.png&#8221; button_icon_placement=&#8221;right&#8221; button_on_hover=&#8221;on&#8221; button_text_size__hover_enabled=&#8221;off&#8221; button_one_text_size__hover_enabled=&#8221;off&#8221; button_two_text_size__hover_enabled=&#8221;off&#8221; button_text_color__hover_enabled=&#8221;off&#8221; button_one_text_color__hover_enabled=&#8221;off&#8221; button_two_text_color__hover_enabled=&#8221;off&#8221; button_border_width__hover_enabled=&#8221;off&#8221; button_one_border_width__hover_enabled=&#8221;off&#8221; button_two_border_width__hover_enabled=&#8221;off&#8221; button_border_color__hover_enabled=&#8221;off&#8221; button_one_border_color__hover_enabled=&#8221;off&#8221; button_two_border_color__hover_enabled=&#8221;off&#8221; button_border_radius__hover_enabled=&#8221;off&#8221; button_one_border_radius__hover_enabled=&#8221;off&#8221; button_two_border_radius__hover_enabled=&#8221;off&#8221; button_letter_spacing__hover_enabled=&#8221;off&#8221; button_one_letter_spacing__hover_enabled=&#8221;off&#8221; button_two_letter_spacing__hover_enabled=&#8221;off&#8221; button_bg_color__hover_enabled=&#8221;off&#8221; button_one_bg_color__hover_enabled=&#8221;off&#8221; button_two_bg_color__hover_enabled=&#8221;off&#8221; sticky_transition=&#8221;on&#8221;] [\/et_pb_slide][et_pb_slide use_bg_overlay=&#8221;off&#8221; use_text_overlay=&#8221;off&#8221; admin_title=&#8221;Slide_02&#8243; _builder_version=&#8221;3.16&#8243; header_font=&#8221;||||&#8221; body_font=&#8221;||||&#8221; background_color=&#8221;#ffffff&#8221; background_image=&#8221;https:\/\/cavalcadadereis.cat\/svh\/wp-content\/uploads\/2017\/08\/slide_p2.png&#8221; button_icon_placement=&#8221;right&#8221; button_on_hover=&#8221;on&#8221; button_text_size__hover_enabled=&#8221;off&#8221; button_one_text_size__hover_enabled=&#8221;off&#8221; button_two_text_size__hover_enabled=&#8221;off&#8221; button_text_color__hover_enabled=&#8221;off&#8221; button_one_text_color__hover_enabled=&#8221;off&#8221; button_two_text_color__hover_enabled=&#8221;off&#8221; button_border_width__hover_enabled=&#8221;off&#8221; button_one_border_width__hover_enabled=&#8221;off&#8221; button_two_border_width__hover_enabled=&#8221;off&#8221; button_border_color__hover_enabled=&#8221;off&#8221; button_one_border_color__hover_enabled=&#8221;off&#8221; button_two_border_color__hover_enabled=&#8221;off&#8221; button_border_radius__hover_enabled=&#8221;off&#8221; button_one_border_radius__hover_enabled=&#8221;off&#8221; button_two_border_radius__hover_enabled=&#8221;off&#8221; button_letter_spacing__hover_enabled=&#8221;off&#8221; button_one_letter_spacing__hover_enabled=&#8221;off&#8221; button_two_letter_spacing__hover_enabled=&#8221;off&#8221; button_bg_color__hover_enabled=&#8221;off&#8221; button_one_bg_color__hover_enabled=&#8221;off&#8221; button_two_bg_color__hover_enabled=&#8221;off&#8221; sticky_transition=&#8221;on&#8221;] [\/et_pb_slide][et_pb_slide use_bg_overlay=&#8221;off&#8221; use_text_overlay=&#8221;off&#8221; admin_title=&#8221;Slide_03&#8243; _builder_version=&#8221;3.16&#8243; header_font=&#8221;||||&#8221; body_font=&#8221;||||&#8221; background_color=&#8221;#ffffff&#8221; background_image=&#8221;https:\/\/cavalcadadereis.cat\/svh\/wp-content\/uploads\/2017\/08\/slide_p3.png&#8221; button_icon_placement=&#8221;right&#8221; button_on_hover=&#8221;on&#8221; button_text_size__hover_enabled=&#8221;off&#8221; button_one_text_size__hover_enabled=&#8221;off&#8221; button_two_text_size__hover_enabled=&#8221;off&#8221; button_text_color__hover_enabled=&#8221;off&#8221; button_one_text_color__hover_enabled=&#8221;off&#8221; button_two_text_color__hover_enabled=&#8221;off&#8221; button_border_width__hover_enabled=&#8221;off&#8221; button_one_border_width__hover_enabled=&#8221;off&#8221; button_two_border_width__hover_enabled=&#8221;off&#8221; button_border_color__hover_enabled=&#8221;off&#8221; button_one_border_color__hover_enabled=&#8221;off&#8221; button_two_border_color__hover_enabled=&#8221;off&#8221; button_border_radius__hover_enabled=&#8221;off&#8221; button_one_border_radius__hover_enabled=&#8221;off&#8221; button_two_border_radius__hover_enabled=&#8221;off&#8221; button_letter_spacing__hover_enabled=&#8221;off&#8221; button_one_letter_spacing__hover_enabled=&#8221;off&#8221; button_two_letter_spacing__hover_enabled=&#8221;off&#8221; button_bg_color__hover_enabled=&#8221;off&#8221; button_one_bg_color__hover_enabled=&#8221;off&#8221; button_two_bg_color__hover_enabled=&#8221;off&#8221; sticky_transition=&#8221;on&#8221;] [\/et_pb_slide][et_pb_slide use_bg_overlay=&#8221;off&#8221; use_text_overlay=&#8221;off&#8221; admin_title=&#8221;Slide_04&#8243; _builder_version=&#8221;3.16&#8243; header_font=&#8221;||||&#8221; body_font=&#8221;||||&#8221; background_color=&#8221;#ffffff&#8221; background_image=&#8221;https:\/\/cavalcadadereis.cat\/svh\/wp-content\/uploads\/2017\/08\/slide_p4.png&#8221; button_icon_placement=&#8221;right&#8221; button_on_hover=&#8221;on&#8221; button_text_size__hover_enabled=&#8221;off&#8221; button_one_text_size__hover_enabled=&#8221;off&#8221; button_two_text_size__hover_enabled=&#8221;off&#8221; button_text_color__hover_enabled=&#8221;off&#8221; button_one_text_color__hover_enabled=&#8221;off&#8221; button_two_text_color__hover_enabled=&#8221;off&#8221; button_border_width__hover_enabled=&#8221;off&#8221; button_one_border_width__hover_enabled=&#8221;off&#8221; button_two_border_width__hover_enabled=&#8221;off&#8221; button_border_color__hover_enabled=&#8221;off&#8221; button_one_border_color__hover_enabled=&#8221;off&#8221; button_two_border_color__hover_enabled=&#8221;off&#8221; button_border_radius__hover_enabled=&#8221;off&#8221; button_one_border_radius__hover_enabled=&#8221;off&#8221; button_two_border_radius__hover_enabled=&#8221;off&#8221; button_letter_spacing__hover_enabled=&#8221;off&#8221; button_one_letter_spacing__hover_enabled=&#8221;off&#8221; button_two_letter_spacing__hover_enabled=&#8221;off&#8221; button_bg_color__hover_enabled=&#8221;off&#8221; button_one_bg_color__hover_enabled=&#8221;off&#8221; button_two_bg_color__hover_enabled=&#8221;off&#8221; sticky_transition=&#8221;on&#8221;] [\/et_pb_slide][\/et_pb_fullwidth_slider][\/et_pb_section][et_pb_section fb_built=&#8221;1&#8243; admin_label=&#8221;section&#8221; _builder_version=&#8221;3.22&#8243; background_color=&#8221;rgba(255,255,255,0)&#8221; background_image=&#8221;https:\/\/cavalcadadereis.cat\/svh\/wp-content\/uploads\/2017\/08\/Fons-02.jpg&#8221; background_size=&#8221;contain&#8221; background_position=&#8221;top_center&#8221; background_repeat=&#8221;repeat-y&#8221; transparent_background=&#8221;on&#8221;][et_pb_row admin_label=&#8221;row&#8221; _builder_version=&#8221;3.25&#8243; background_size=&#8221;initial&#8221; background_position=&#8221;top_left&#8221; background_repeat=&#8221;repeat&#8221;][et_pb_column type=&#8221;4_4&#8243; _builder_version=&#8221;3.25&#8243; custom_padding=&#8221;|||&#8221; custom_padding__hover=&#8221;|||&#8221;][et_pb_post_title meta=&#8221;off&#8221; featured_image=&#8221;off&#8221; _builder_version=&#8221;3.0.87&#8243; title_text_color=&#8221;#970000&#8243; title_letter_spacing=&#8221;1px&#8221; parallax=&#8221;on&#8221; parallax_effect=&#8221;on&#8221; use_border_color=&#8221;off&#8221; border_color=&#8221;#ffffff&#8221; border_style=&#8221;solid&#8221;][\/et_pb_post_title][et_pb_text _builder_version=&#8221;3.27.4&#8243; header_font=&#8221;Happy Monkey|on|||&#8221; header_text_color=&#8221;#970000&#8243; background_size=&#8221;initial&#8221; background_position=&#8221;top_left&#8221; background_repeat=&#8221;repeat&#8221; border_style=&#8221;solid&#8221;]<\/p>\n<p style=\"text-align: justify;\">Els Reigs Mags i els Patges desfilen caminant des del Centre Cat\u00f2lic fins a l\u2019Ajuntament. \u00a0Passen pel Carrer Torres i Bages, Carrer Montjuic i Carrer Moss\u00e8n Jacint Verdaguer fins a l\u2019Ajuntament.<\/p>\n<p style=\"text-align: justify;\">La Comitiva Reial inicia el recorregut a la Pla\u00e7a de la Vila. Tot seguit, la cavalcada passa pel Carrer Rafel Casanova, Carrer d\u2019Anselm Clav\u00e9, Carrer de Sant Josep, Carrer del Riu, Carrer Barcelona, Carrer Llobregat, Carrer Moss\u00e8n Jacint Verdaguer, Carrer Sant Miquel, Carrer Anselm Clav\u00e9 i Carrer Sant Josep. Finalment acaba a l\u2019avinguda de Torrelles on Ses Majestats i els seus Patges marxen per continuar amb l\u2019entrega de regals.<\/p>\n<p>Des de la cru\u00eflla de Sant Joan Bosco fins a la cru\u00eflla d&#8217;Anselm Clav\u00e9, a la cavalcada no hi haur\u00e0 m\u00fasica perqu\u00e8 les persones amb hipersensibilitat puguin gaudir-ne.<\/p>\n<p>[\/et_pb_text][dsm_image_hotspots src=&#8221;https:\/\/cavalcadadereis.cat\/svh\/wp-content\/uploads\/2019\/12\/Mapa-SVH-01-copy.png&#8221; _builder_version=&#8221;4.0.9&#8243; admin_label=&#8221;Supreme Image Hotspots&#8221;][dsm_image_hotspots_child font_icon=&#8221;%%122%%&#8221; left_position=&#8221;65%&#8221; top_position=&#8221;44%&#8221; pulse_animation=&#8221;on&#8221; _builder_version=&#8221;4.0.9&#8243; body_text_align=&#8221;center&#8221;]<\/p>\n<p>Ajuntament<\/p>\n<p>[\/dsm_image_hotspots_child][dsm_image_hotspots_child font_icon=&#8221;%%122%%&#8221; left_position=&#8221;66%&#8221; top_position=&#8221;47%&#8221; tooltip_placement=&#8221;left&#8221; pulse_animation=&#8221;on&#8221; _builder_version=&#8221;4.0.9&#8243; body_text_align=&#8221;center&#8221;]<\/p>\n<p>c\/. Rafael de Casanova<\/p>\n<p>[\/dsm_image_hotspots_child][dsm_image_hotspots_child font_icon=&#8221;%%122%%&#8221; left_position=&#8221;66%&#8221; top_position=&#8221;52%&#8221; tooltip_placement=&#8221;bottom&#8221; pulse_animation=&#8221;on&#8221; _builder_version=&#8221;4.0.9&#8243; body_text_align=&#8221;center&#8221; body_line_height=&#8221;0.8em&#8221;]<\/p>\n<p>c\/. Anselm Clav\u00e9 \/<\/p>\n<p>c\/. Sant Josep<\/p>\n<p>[\/dsm_image_hotspots_child][dsm_image_hotspots_child font_icon=&#8221;%%122%%&#8221; left_position=&#8221;69%&#8221; top_position=&#8221;46%&#8221; tooltip_placement=&#8221;right&#8221; pulse_animation=&#8221;on&#8221; _builder_version=&#8221;4.0.9&#8243; body_text_align=&#8221;center&#8221;]<\/p>\n<p>c\/. del Riu<\/p>\n<p>[\/dsm_image_hotspots_child][dsm_image_hotspots_child font_icon=&#8221;%%122%%&#8221; left_position=&#8221;64%&#8221; top_position=&#8221;38%&#8221; tooltip_placement=&#8221;right&#8221; pulse_animation=&#8221;on&#8221; _builder_version=&#8221;4.0.9&#8243; body_text_align=&#8221;center&#8221;]<\/p>\n<p>c\/. Barcelona<\/p>\n<p>[\/dsm_image_hotspots_child][dsm_image_hotspots_child font_icon=&#8221;%%122%%&#8221; left_position=&#8221;58%&#8221; top_position=&#8221;28%&#8221; pulse_animation=&#8221;on&#8221; _builder_version=&#8221;4.0.9&#8243; body_text_align=&#8221;center&#8221;]<\/p>\n<p>c\/. Llobregat<\/p>\n<p>[\/dsm_image_hotspots_child][dsm_image_hotspots_child font_icon=&#8221;%%122%%&#8221; left_position=&#8221;60%&#8221; top_position=&#8221;35%&#8221; tooltip_placement=&#8221;left&#8221; pulse_animation=&#8221;on&#8221; _builder_version=&#8221;4.0.9&#8243; body_text_align=&#8221;center&#8221;]<\/p>\n<p>c\/. Moss\u00e8n Jacint Verdaguer<\/p>\n<p>[\/dsm_image_hotspots_child][dsm_image_hotspots_child font_icon=&#8221;%%122%%&#8221; left_position=&#8221;62%&#8221; top_position=&#8221;53%&#8221; tooltip_placement=&#8221;left&#8221; pulse_animation=&#8221;on&#8221; _builder_version=&#8221;4.0.9&#8243; body_text_align=&#8221;center&#8221;]<\/p>\n<p>c\/. Sant Josep<\/p>\n<p>[\/dsm_image_hotspots_child][dsm_image_hotspots_child font_icon=&#8221;%%122%%&#8221; left_position=&#8221;60%&#8221; top_position=&#8221;57%&#8221; tooltip_placement=&#8221;bottom&#8221; pulse_animation=&#8221;on&#8221; _builder_version=&#8221;4.0.9&#8243; body_text_align=&#8221;center&#8221; body_line_height=&#8221;0.8em&#8221;]<\/p>\n<p>Avda. de Torrelles<\/p>\n<p>[\/dsm_image_hotspots_child][\/dsm_image_hotspots][\/et_pb_column][\/et_pb_row][\/et_pb_section]<\/p>\n","protected":false},"excerpt":{"rendered":"<p>Els Reigs Mags i els Patges desfilen caminant des del Centre Cat\u00f2lic fins a l\u2019Ajuntament. \u00a0Passen pel Carrer Torres i Bages, Carrer Montjuic i Carrer Moss\u00e8n Jacint Verdaguer fins a l\u2019Ajuntament. La Comitiva Reial inicia el recorregut a la Pla\u00e7a de la Vila. Tot seguit, la cavalcada passa pel Carrer Rafel Casanova, Carrer d\u2019Anselm Clav\u00e9, [&hellip;]<\/p>\n","protected":false},"author":1,"featured_media":0,"parent":135,"menu_order":5,"comment_status":"closed","ping_status":"closed","template":"","meta":{"_et_pb_use_builder":"on","_et_pb_old_content":"","_et_gb_content_width":"","footnotes":""},"folder":[],"class_list":["post-186","page","type-page","status-publish","hentry"],"yoast_head":"<!-- This site is optimized with the Yoast SEO plugin v26.6 - https:\/\/yoast.com\/wordpress\/plugins\/seo\/ -->\n<title>Itinerari - Cavalcada de Reis SVH<\/title>\n<meta name=\"robots\" content=\"index, follow, max-snippet:-1, max-image-preview:large, max-video-preview:-1\" \/>\n<link rel=\"canonical\" href=\"https:\/\/cavalcadadereis.cat\/svh\/la-cavalcada-1\/itinerari-1\/\" \/>\n<meta property=\"og:locale\" content=\"ca_ES\" \/>\n<meta property=\"og:type\" content=\"article\" \/>\n<meta property=\"og:title\" content=\"Itinerari - Cavalcada de Reis SVH\" \/>\n<meta property=\"og:description\" content=\"Els Reigs Mags i els Patges desfilen caminant des del Centre Cat\u00f2lic fins a l\u2019Ajuntament. \u00a0Passen pel Carrer Torres i Bages, Carrer Montjuic i Carrer Moss\u00e8n Jacint Verdaguer fins a l\u2019Ajuntament. La Comitiva Reial inicia el recorregut a la Pla\u00e7a de la Vila. Tot seguit, la cavalcada passa pel Carrer Rafel Casanova, Carrer d\u2019Anselm Clav\u00e9, [&hellip;]\" \/>\n<meta property=\"og:url\" content=\"https:\/\/cavalcadadereis.cat\/svh\/la-cavalcada-1\/itinerari-1\/\" \/>\n<meta property=\"og:site_name\" content=\"Cavalcada de Reis SVH\" \/>\n<meta property=\"article:modified_time\" content=\"2022-01-28T23:54:35+00:00\" \/>\n<meta name=\"twitter:card\" content=\"summary_large_image\" \/>\n<meta name=\"twitter:label1\" content=\"Temps estimat de lectura\" \/>\n\t<meta name=\"twitter:data1\" content=\"8 minuts\" \/>\n<script type=\"application\/ld+json\" class=\"yoast-schema-graph\">{\"@context\":\"https:\/\/schema.org\",\"@graph\":[{\"@type\":\"WebPage\",\"@id\":\"https:\/\/cavalcadadereis.cat\/svh\/la-cavalcada-1\/itinerari-1\/\",\"url\":\"https:\/\/cavalcadadereis.cat\/svh\/la-cavalcada-1\/itinerari-1\/\",\"name\":\"Itinerari - Cavalcada de Reis SVH\",\"isPartOf\":{\"@id\":\"https:\/\/cavalcadadereis.cat\/svh\/#website\"},\"datePublished\":\"2017-08-21T13:24:04+00:00\",\"dateModified\":\"2022-01-28T23:54:35+00:00\",\"breadcrumb\":{\"@id\":\"https:\/\/cavalcadadereis.cat\/svh\/la-cavalcada-1\/itinerari-1\/#breadcrumb\"},\"inLanguage\":\"ca\",\"potentialAction\":[{\"@type\":\"ReadAction\",\"target\":[\"https:\/\/cavalcadadereis.cat\/svh\/la-cavalcada-1\/itinerari-1\/\"]}]},{\"@type\":\"BreadcrumbList\",\"@id\":\"https:\/\/cavalcadadereis.cat\/svh\/la-cavalcada-1\/itinerari-1\/#breadcrumb\",\"itemListElement\":[{\"@type\":\"ListItem\",\"position\":1,\"name\":\"Inici\",\"item\":\"https:\/\/cavalcadadereis.cat\/svh\/\"},{\"@type\":\"ListItem\",\"position\":2,\"name\":\"La Cavalcada\",\"item\":\"https:\/\/cavalcadadereis.cat\/svh\/la-cavalcada-1\/\"},{\"@type\":\"ListItem\",\"position\":3,\"name\":\"Itinerari\"}]},{\"@type\":\"WebSite\",\"@id\":\"https:\/\/cavalcadadereis.cat\/svh\/#website\",\"url\":\"https:\/\/cavalcadadereis.cat\/svh\/\",\"name\":\"Cavalcada de Reis SVH\",\"description\":\"\",\"potentialAction\":[{\"@type\":\"SearchAction\",\"target\":{\"@type\":\"EntryPoint\",\"urlTemplate\":\"https:\/\/cavalcadadereis.cat\/svh\/?s={search_term_string}\"},\"query-input\":{\"@type\":\"PropertyValueSpecification\",\"valueRequired\":true,\"valueName\":\"search_term_string\"}}],\"inLanguage\":\"ca\"}]}<\/script>\n<!-- \/ Yoast SEO plugin. -->","yoast_head_json":{"title":"Itinerari - Cavalcada de Reis SVH","robots":{"index":"index","follow":"follow","max-snippet":"max-snippet:-1","max-image-preview":"max-image-preview:large","max-video-preview":"max-video-preview:-1"},"canonical":"https:\/\/cavalcadadereis.cat\/svh\/la-cavalcada-1\/itinerari-1\/","og_locale":"ca_ES","og_type":"article","og_title":"Itinerari - Cavalcada de Reis SVH","og_description":"Els Reigs Mags i els Patges desfilen caminant des del Centre Cat\u00f2lic fins a l\u2019Ajuntament. \u00a0Passen pel Carrer Torres i Bages, Carrer Montjuic i Carrer Moss\u00e8n Jacint Verdaguer fins a l\u2019Ajuntament. La Comitiva Reial inicia el recorregut a la Pla\u00e7a de la Vila. Tot seguit, la cavalcada passa pel Carrer Rafel Casanova, Carrer d\u2019Anselm Clav\u00e9, [&hellip;]","og_url":"https:\/\/cavalcadadereis.cat\/svh\/la-cavalcada-1\/itinerari-1\/","og_site_name":"Cavalcada de Reis SVH","article_modified_time":"2022-01-28T23:54:35+00:00","twitter_card":"summary_large_image","twitter_misc":{"Temps estimat de lectura":"8 minuts"},"schema":{"@context":"https:\/\/schema.org","@graph":[{"@type":"WebPage","@id":"https:\/\/cavalcadadereis.cat\/svh\/la-cavalcada-1\/itinerari-1\/","url":"https:\/\/cavalcadadereis.cat\/svh\/la-cavalcada-1\/itinerari-1\/","name":"Itinerari - Cavalcada de Reis SVH","isPartOf":{"@id":"https:\/\/cavalcadadereis.cat\/svh\/#website"},"datePublished":"2017-08-21T13:24:04+00:00","dateModified":"2022-01-28T23:54:35+00:00","breadcrumb":{"@id":"https:\/\/cavalcadadereis.cat\/svh\/la-cavalcada-1\/itinerari-1\/#breadcrumb"},"inLanguage":"ca","potentialAction":[{"@type":"ReadAction","target":["https:\/\/cavalcadadereis.cat\/svh\/la-cavalcada-1\/itinerari-1\/"]}]},{"@type":"BreadcrumbList","@id":"https:\/\/cavalcadadereis.cat\/svh\/la-cavalcada-1\/itinerari-1\/#breadcrumb","itemListElement":[{"@type":"ListItem","position":1,"name":"Inici","item":"https:\/\/cavalcadadereis.cat\/svh\/"},{"@type":"ListItem","position":2,"name":"La Cavalcada","item":"https:\/\/cavalcadadereis.cat\/svh\/la-cavalcada-1\/"},{"@type":"ListItem","position":3,"name":"Itinerari"}]},{"@type":"WebSite","@id":"https:\/\/cavalcadadereis.cat\/svh\/#website","url":"https:\/\/cavalcadadereis.cat\/svh\/","name":"Cavalcada de Reis SVH","description":"","potentialAction":[{"@type":"SearchAction","target":{"@type":"EntryPoint","urlTemplate":"https:\/\/cavalcadadereis.cat\/svh\/?s={search_term_string}"},"query-input":{"@type":"PropertyValueSpecification","valueRequired":true,"valueName":"search_term_string"}}],"inLanguage":"ca"}]}},"_links":{"self":[{"href":"https:\/\/cavalcadadereis.cat\/svh\/wp-json\/wp\/v2\/pages\/186","targetHints":{"allow":["GET"]}}],"collection":[{"href":"https:\/\/cavalcadadereis.cat\/svh\/wp-json\/wp\/v2\/pages"}],"about":[{"href":"https:\/\/cavalcadadereis.cat\/svh\/wp-json\/wp\/v2\/types\/page"}],"author":[{"embeddable":true,"href":"https:\/\/cavalcadadereis.cat\/svh\/wp-json\/wp\/v2\/users\/1"}],"replies":[{"embeddable":true,"href":"https:\/\/cavalcadadereis.cat\/svh\/wp-json\/wp\/v2\/comments?post=186"}],"version-history":[{"count":74,"href":"https:\/\/cavalcadadereis.cat\/svh\/wp-json\/wp\/v2\/pages\/186\/revisions"}],"predecessor-version":[{"id":2313,"href":"https:\/\/cavalcadadereis.cat\/svh\/wp-json\/wp\/v2\/pages\/186\/revisions\/2313"}],"up":[{"embeddable":true,"href":"https:\/\/cavalcadadereis.cat\/svh\/wp-json\/wp\/v2\/pages\/135"}],"wp:attachment":[{"href":"https:\/\/cavalcadadereis.cat\/svh\/wp-json\/wp\/v2\/media?parent=186"}],"wp:term":[{"taxonomy":"folder","embeddable":true,"href":"https:\/\/cavalcadadereis.cat\/svh\/wp-json\/wp\/v2\/folder?post=186"}],"curies":[{"name":"wp","href":"https:\/\/api.w.org\/{rel}","templated":true}]}}